--------- beginning of system
03-24 13:48:30.773 20111 20111 W ActivityThread: Activity top position already set to onTop=false
03-24 13:49:02.983 20111 20111 D InsetsController: Setting requestedVisibleTypes to -12 (was -9)
03-24 13:49:04.089 20111 20111 D InsetsController: Setting requestedVisibleTypes to -9 (was -12) --------- beginning of main
03-24 13:58:05.861 20111 20111 I flutter : SqfliteLocalMediaDb saveEntries inserting slice of [1, 1] entries
03-24 13:58:05.872 20111 20111 I flutter : SqfliteLocalMediaDb saveEntries complete in 11ms for 1 entries
03-24 13:58:05.878 20111 20186 W HWUI : Image decoding logging dropped!
03-24 13:58:05.879 20111 20184 W HWUI : Image decoding logging dropped!
03-24 13:58:05.879 20111 20183 W HWUI : Image decoding logging dropped!
03-24 13:58:05.884 20111 20169 W HWUI : Image decoding logging dropped!
03-24 13:58:05.988 20111 20111 I deckers.thibault.aves.libre: Explicit concurrent mark compact GC freed 30MB AllocSpace bytes, 270(105MB) LOS objects, 81% free, 5410KB/29MB, paused 207us,1.432ms total 78.498ms
03-24 13:58:06.020 20111 20184 W HWUI : Image decoding logging dropped!
03-24 13:58:06.021 20111 20169 W HWUI : Image decoding logging dropped!
03-24 13:58:06.022 20111 20186 W HWUI : Image decoding logging dropped!
03-24 13:58:06.033 20111 26092 D media_kit: MediaKitAndroidHelperOpenFileDescriptor: content://media/external/video/media/1000012991
03-24 13:58:06.033 20111 26092 D media_kit: get_env_result = -1
03-24 13:58:06.033 20111 26092 D media_kit: JavaVM::AttachCurrentThread Success
03-24 13:58:06.037 20111 20183 W HWUI : Image decoding logging dropped!
03-24 13:58:06.050 20111 26092 D media_kit: file_descriptor = 203
03-24 13:58:06.064 20111 20111 I flutter : Cancelling picture-in-picture
03-24 13:58:06.070 20111 20186 W HWUI : Image decoding logging dropped!
03-24 13:58:06.070 20111 20184 W HWUI : Image decoding logging dropped!
03-24 13:58:06.076 20111 20169 W HWUI : Image decoding logging dropped!
03-24 13:58:06.084 20111 20183 W HWUI : Image decoding logging dropped!
03-24 13:58:06.086 20111 26059 I CCodecConfig: query failed after returning 15 values (BAD_INDEX)
03-24 13:58:06.087 20111 26059 D CCodecConfig: c2 config diff is c2::u32 coded.vui.color.matrix = 1
03-24 13:58:06.087 20111 26059 D CCodecConfig: c2::u32 coded.vui.color.primaries = 1
03-24 13:58:06.087 20111 26059 D CCodecConfig: c2::u32 coded.vui.color.range = 2
03-24 13:58:06.087 20111 26059 D CCodecConfig: c2::u32 coded.vui.color.transfer = 3
03-24 13:58:06.089 20111 26059 D CCodecBufferChannel: [c2.exynos.h264.decoder#923] MediaCodec discarded an unknown buffer
03-24 13:58:06.089 20111 26059 D CCodecBufferChannel: [c2.exynos.h264.decoder#923] MediaCodec discarded an unknown buffer
03-24 13:58:06.089 20111 26059 D CCodecBufferChannel: [c2.exynos.h264.decoder#923] MediaCodec discarded an unknown buffer
03-24 13:58:06.089 20111 26059 D CCodecBufferChannel: [c2.exynos.h264.decoder#923] MediaCodec discarded an unknown buffer
03-24 13:58:06.121 20111 20169 W HWUI : Image decoding logging dropped!
03-24 13:58:06.127 20111 20186 W HWUI : Image decoding logging dropped!
03-24 13:58:06.139 20111 20184 W HWUI : Image decoding logging dropped!
03-24 13:58:06.142 20111 20169 W HWUI : Image decoding logging dropped!
03-24 13:58:06.145 20111 20183 W HWUI : Image decoding logging dropped!
03-24 13:58:06.150 20111 20169 W HWUI : Image decoding logging dropped!
03-24 13:58:06.157 20111 20186 W HWUI : Image decoding logging dropped!
03-24 13:58:06.167 20111 20183 W HWUI : Image decoding logging dropped!
03-24 13:58:06.170 20111 20169 W HWUI : Image decoding logging dropped!
03-24 13:58:06.177 20111 20186 W HWUI : Image decoding logging dropped!
03-24 13:58:06.178 20111 20184 W HWUI : Image decoding logging dropped!
03-24 13:58:06.193 20111 20184 W HWUI : Image decoding logging dropped!
03-24 13:58:06.196 20111 20190 W HWUI : Image decoding logging dropped!
03-24 13:58:06.206 20111 20183 W HWUI : Image decoding logging dropped!
03-24 13:58:06.212 20111 20169 W HWUI : Image decoding logging dropped!
03-24 13:58:06.240 20111 20111 I VideoOutputManager: com.alexmercerind.media_kit_video.VideoOutputManager.dispose: -5476140075893044656
03-24 13:58:06.240 20111 20111 I VideoOutput: onSurfaceDestroyed
03-24 13:58:06.240 20111 20111 I flutter : VideoOutput.Resize
03-24 13:58:06.240 20111 20111 I flutter : {rect: {top: 0, left: 0, width: 1440, height: 3120}, wid: 0, handle: -5476140075893044656, id: 1}
03-24 13:58:06.259 20111 20169 W HWUI : Image decoding logging dropped!
03-24 13:58:06.261 20111 20193 W HWUI : Image decoding logging dropped!
03-24 13:58:06.291 20111 20193 W HWUI : Image decoding logging dropped!
03-24 13:58:06.309 20111 20193 W HWUI : Image decoding logging dropped!
03-24 13:58:06.326 20111 20193 W HWUI : Image decoding logging dropped!
03-24 13:58:06.568 20111 20111 I flutter : Report log with message=Nav push to /viewer
03-24 13:58:06.668 20111 20111 I flutter : libmpv log: PlayerLog(prefix: media_kit, level: error, text: error: property not found _setProperty(osc, 1))
03-24 13:58:06.676 20111 20111 I flutter : reinitialize controllers for entry=AvesEntry#2d132{id=1409, uri=content://media/external/video/media/1000012991, path=/storage/emulated/0/Download/screen-20250324-134852.mp4, pageId=null} because metadata changed
03-24 13:58:06.689 20111 20111 I VideoOutputManager: com.alexmercerind.media_kit_video.VideoOutputManager.create: -5476140075893454768
03-24 13:58:06.689 20111 20111 I VideoOutput: onSurfaceCreated
03-24 13:58:06.689 20111 20111 I VideoOutput: newGlobalRef: object = Surface(name=null mNativeObject=-5476138922720229376)/@0x906b783
03-24 13:58:06.689 20111 20111 I flutter : VideoOutput.Resize
03-24 13:58:06.689 20111 20111 I flutter : {rect: {top: 0, left: 0, width: 1, height: 1}, wid: 13510, handle: -5476140075893454768, id: 2}
03-24 13:58:06.689 20111 20111 I flutter : AndroidVideoController: Texture ID: 2
03-24 13:58:06.700 20111 20186 E MediaMetadataRetrieverJNI: getEmbeddedPicture: Call to getEmbeddedPicture failed.
03-24 13:58:06.783 20111 20111 I flutter : libmpv log: PlayerLog(prefix: lavf, level: error, text: Failed to create file cache.)
03-24 13:58:06.792 20111 26121 D CCodec : allocate(c2.exynos.h264.decoder)
03-24 13:58:06.797 20111 26121 I CCodec : setting up 'default' as default (vendor) store
03-24 13:58:06.801 20111 26121 W deckers.thibault.aves.libre: AIBinder_linkToDeath is being called with a non-null cookie and no onUnlink callback set. This might not be intended. AIBinder_DeathRecipient_setOnUnlinked should be called first.
03-24 13:58:06.801 20111 26121 I CCodec : Created component [c2.exynos.h264.decoder]
03-24 13:58:06.802 20111 26121 D CCodecConfig: read media type: video/avc
03-24 13:58:06.808 20111 26121 D ReflectedParamUpdater: extent() != 1 for single value type: output.subscribed-indices.values
03-24 13:58:06.809 20111 26121 D ReflectedParamUpdater: extent() != 1 for single value type: input.buffers.allocator-ids.values
03-24 13:58:06.809 20111 26121 D ReflectedParamUpdater: extent() != 1 for single value type: output.buffers.allocator-ids.values
03-24 13:58:06.809 20111 26121 D ReflectedParamUpdater: extent() != 1 for single value type: output.buffers.pool-ids.values
03-24 13:58:06.812 20111 26121 D ReflectedParamUpdater: ignored struct field coded.color-format.locations
03-24 13:58:06.815 20111 26121 D CCodecConfig: ignoring local param raw.size (0xd2001800) as it is already supported
03-24 13:58:06.815 20111 26121 D CCodecConfig: ignoring local param default.color (0x5200180b) as it is already supported
03-24 13:58:06.815 20111 26121 D ReflectedParamUpdater: ignored struct field raw.hdr-static-info.mastering
03-24 13:58:06.816 20111 26121 I CCodecConfig: query failed after returning 15 values (BAD_INDEX)
03-24 13:58:06.816 20111 26121 D CCodecConfig: c2 config diff is Dict {
03-24 13:58:06.816 20111 26121 D CCodecConfig: c2::u32 algo.low-latency.value = 0
03-24 13:58:06.816 20111 26121 D CCodecConfig: c2::i32 algo.priority.value = 0
03-24 13:58:06.816 20111 26121 D CCodecConfig: c2::float algo.rate.value = 0
03-24 13:58:06.816 20111 26121 D CCodecConfig: c2::u32 coded.pl.level = 20496
03-24 13:58:06.816 20111 26121 D CCodecConfig: c2::u32 coded.pl.profile = 20481
03-24 13:58:06.816 20111 26121 D CCodecConfig: c2::u32 coded.vui.color.matrix = 0
03-24 13:58:06.816 20111 26121 D CCodecConfig: c2::u32 coded.vui.color.primaries = 0
03-24 13:58:06.816 20111 26121 D CCodecConfig: c2::u32 coded.vui.color.range = 0
03-24 13:58:06.816 20111 26121 D CCodecConfig: c2::u32 coded.vui.color.transfer = 0
03-24 13:58:06.816 20111 26121 D CCodecConfig: c2::u32 default.color.matrix = 0
03-24 13:58:06.816 20111 26121 D CCodecConfig: c2::u32 default.color.primaries = 0
03-24 13:58:06.816 20111 26121 D CCodecConfig: c2::u32 default.color.range = 0
03-24 13:58:06.816 20111 26121 D CCodecConfig: c2::u32 default.color.transfer = 0
03-24 13:58:06.816 20111 26121 D CCodecConfig: c2::u32 input.buffers.max-size.value = 7340032
03-24 13:58:06.816 20111 26121 D CCodecConfig: string input.media-type.value = "video/avc"
03-24 13:58:06.816 20111 26121 D CCodecConfig: c2::u32 output.delay.value = 3
03-24 13:58:06.816 20111 26121 D CCodecConfig: string output.media-type.value = "video/raw"
03-24 13:58:06.816 20111 26121 D CCodecConfig: c2::u32 raw.color.matrix = 0
03-24 13:58:06.816 20111 26121 D CCodecConfig: c2::u32 raw.color.primaries = 0
03-24 13:58:06.816 20111 26121 D CCodecConfig: c2::u32 raw.color.range = 0
03-24 13:58:06.816 20111 26121 D CCodecConfig: c2::u32 raw.color.transfer = 0
03-24 13:58:06.816 20111 26121 D CCodecConfig: c2::float raw.hdr-static-info.max-cll = 0
03-24 13:58:06.816 20111 26121 D CCodecConfig: c2::float raw.hdr-static-info.max-fall = 0
03-24 13:58:06.816 20111 26121 D CCodecConfig: c2::u32 raw.max-size.height = 240
03-24 13:58:06.816 20111 26121 D CCodecConfig: c2::u32 raw.max-size.width = 320
03-24 13:58:06.816 20111 26121 D CCodecConfig: c2::u32 raw.pixel-format.value = 34
03-24 13:58:06.816 20111 26121 D CCodecConfig: c2::i32 raw.rotation.flip =
03-24 13:58:06.816 20111 26121 W ColorUtils: expected specified color aspects (0:0:0:0)
03-24 13:58:06.818 20111 26121 D CCodec : [c2.exynos.h264.decoder] buffers are bound to CCodec for this session
03-24 13:58:06.818 20111 26121 D CCodec : Client requested ByteBuffer mode decoder w/o color format set: using default semi-planar color format
03-24 13:58:06.818 20111 26121 D CCodecConfig: no c2 equivalents for csd-1
03-24 13:58:06.818 20111 26121 D CCodecConfig: no c2 equivalents for flags
03-24 13:58:06.819 20111 26121 D CCodecConfig: c2 config diff is c2::u32 raw.pixel-format.value = 35
03-24 13:58:06.819 20111 26121 D CCodecConfig: c2::u32 raw.size.height = 3120
03-24 13:58:06.819 20111 26121 D CCodecConfig: c2::u32 raw.size.width = 1440
03-24 13:58:06.819 20111 26121 W ColorUtils: expected specified color aspects (0:0:0:0)
03-24 13:58:06.820 20111 26121 D CCodec : encoding statistics level = 0
03-24 13:58:06.820 20111 26121 D CCodec : setup formats input: AMessage(what = 0x00000000) = {
03-24 13:58:06.820 20111 26121 D CCodec : int32_t height = 3120
03-24 13:58:06.820 20111 26121 D CCodec : int32_t level = 65536
03-24 13:58:06.820 20111 26121 D CCodec : int32_t max-input-size = 7340032
03-24 13:58:06.820 20111 26121 D CCodec : string mime = "video/avc"
03-24 13:58:06.820 20111 26121 D CCodec : int32_t priority = 0
03-24 13:58:06.820 20111 26121 D CCodec : int32_t profile = 65536
03-24 13:58:06.820 20111 26121 D CCodec : int32_t width = 1440
03-24 13:58:06.820 20111 26121 D CCodec : Rect crop(0, 0, 1439, 3119)
03-24 13:58:06.820 20111 26121 D CCodec : }
03-24 13:58:06.820 20111 26121 D CCodec : setup formats output: AMessage(what = 0x00000000) = {
03-24 13:58:06.820 20111 26121 D CCodec : int32_t android._color-format = 2135033992
03-24 13:58:06.820 20111 26121 D CCodec : int32_t android._video-scaling = 1
03-24 13:58:06.820 20111 26121 D CCodec : int32_t rotation-degrees = 0
03-24 13:58:06.820 20111 26121 D CCodec : int32_t color-standard = 0
03-24 13:58:06.820 20111 26121 D CCodec : int32_t color-range = 0
03-24 13:58:06.820 20111 26121 D CCodec : int32_t color-transfer = 0
03-24 13:58:06.820 20111 26121 D CCodec : float cta861.max-cll = 0.000000
03-24 13:58:06.820 20111 26121 D CCodec : float cta861.max-fall = 0.000000
03-24 13:58:06.820 20111 26121 D CCodec : int32_t sar-height = 1
03-24 13:58:06.820 20111 26121 D CCodec : int32_t sar-width = 1
03-24 13:58:06.820 20111 26121 D CCodec : Rect crop(0, 0, 1439, 3119)
03-24 13:58:06.820 20111 26121 D CCodec : int32_t width = 1440
03-24 13:58:06.820 20111 26121 D CCodec : int32_t height = 3120
03-24 13:58:06.820 20111 26121 D CCodec : int32_t max-height = 240
03-24 13:58:06.820 20111 26121 D CCodec : int32_t max-width = 320
03-24 13:58:06.820 20111 26121 D CCodec : string mime = "video/raw"
03-24 13:58:06.820 20111 26121 D CCodec : int32_t priority = 0
03-24 13:58:06.820 20111 26121 D CCodec : int32_t android._dataspace = 0
03-24 13:58:06.820 20111 26121 D CCodec : int32_t color-format = 21
03-24 13:58:06.820 20111 26121 D CCodec : }
03-24 13:58:06.821 20111 26121 I CCodecConfig: query failed after returning 15 values (BAD_INDEX)
03-24 13:58:06.821 20111 26121 D CCodecConfig: c2 config diff is c2::u32 raw.max-size.height = 3120
03-24 13:58:06.821 20111 26121 D CCodecConfig: c2::u32 raw.max-size.width = 1440
03-24 13:58:06.822 20111 26121 W ColorUtils: expected specified color aspects (0:0:0:0)
03-24 13:58:06.841 20111 26121 D CCodecBufferChannel: [c2.exynos.h264.decoder#732] Created input block pool with allocatorID 16 => poolID 27 - OK (0)
03-24 13:58:06.845 20111 26121 I CCodecBufferChannel: [c2.exynos.h264.decoder#732] Created output block pool with allocatorID 17 => poolID 114 - OK
03-24 13:58:06.847 20111 26121 D CCodecBufferChannel: [c2.exynos.h264.decoder#732] Configured output block pool ids 114 => OK
03-24 13:58:06.855 20111 26120 W deckers.thibault.aves.libre: AIBinder_linkToDeath is being called with a non-null cookie and no onUnlink callback set. This might not be intended. AIBinder_DeathRecipient_setOnUnlinked should be called first.
03-24 13:58:06.866 20111 26121 D CCodecConfig: c2 config diff is c2::u32 output.delay.value = 5
03-24 13:58:06.869 20111 26121 W ColorUtils: expected specified color aspects (0:0:0:0)
03-24 13:58:06.870 20111 20133 D CCodecBufferChannel: [c2.exynos.h264.decoder#732] Ignoring stale input buffer done callback: last flush index = 0, frameIndex = 0
03-24 13:58:06.891 20111 20111 I flutter : libmpv log: PlayerLog(prefix: vd, level: warn, text: Error while decoding frame (hardware decoding)!)
03-24 13:58:06.892 20111 26120 D CCodecBufferChannel: [c2.exynos.h264.decoder#732] MediaCodec discarded an unknown buffer
03-24 13:58:06.892 20111 26120 D CCodecBufferChannel: [c2.exynos.h264.decoder#732] MediaCodec discarded an unknown buffer
03-24 13:58:06.892 20111 26120 D CCodecBufferChannel: [c2.exynos.h264.decoder#732] MediaCodec discarded an unknown buffer
03-24 13:58:06.893 20111 20111 I flutter : libmpv log: PlayerLog(prefix: vd, level: warn, text: Error while decoding frame (hardware decoding)!)
03-24 13:58:06.893 20111 20111 I flutter : libmpv log: PlayerLog(prefix: vd, level: warn, text: Error while decoding frame (hardware decoding)!)
03-24 13:58:06.893 20111 26120 I CCodecConfig: query failed after returning 15 values (BAD_INDEX)
03-24 13:58:06.893 20111 26120 D CCodecConfig: c2 config diff is c2::u32 raw.crop.height = 3120
03-24 13:58:06.893 20111 26120 D CCodecConfig: c2::u32 raw.crop.left = 0
03-24 13:58:06.893 20111 26120 D CCodecConfig: c2::u32 raw.crop.top = 0
03-24 13:58:06.893 20111 26120 D CCodecConfig: c2::u32 raw.crop.width = 1440
03-24 13:58:06.894 20111 26120 W ColorUtils: expected specified color aspects (0:0:0:0)
03-24 13:58:06.896 20111 26120 D CCodecBufferChannel: [c2.exynos.h264.decoder#732] MediaCodec discarded an unknown buffer
03-24 13:58:06.896 20111 26120 D CCodecBufferChannel: [c2.exynos.h264.decoder#732] MediaCodec discarded an unknown buffer
03-24 13:58:06.896 20111 26120 D CCodecBufferChannel: [c2.exynos.h264.decoder#732] MediaCodec discarded an unknown buffer
03-24 13:58:06.896 20111 26120 D CCodecBufferChannel: [c2.exynos.h264.decoder#732] MediaCodec discarded an unknown buffer
03-24 13:58:07.093 20111 20111 I flutter : libmpv log: PlayerLog(prefix: vd, level: warn, text: Error while decoding frame!)
03-24 13:58:07.093 20111 20111 I flutter : libmpv log: PlayerLog(prefix: vd, level: warn, text: Error while decoding frame!)
03-24 13:58:07.093 20111 20111 I flutter : libmpv log: PlayerLog(prefix: vd, level: warn, text: Error while decoding frame!)
03-24 13:58:07.093 20111 20111 I flutter : libmpv log: PlayerLog(prefix: vd, level: warn, text: Error while decoding frame!)
03-24 13:58:07.094 20111 20111 I flutter : libmpv log: PlayerLog(prefix: vd, level: warn, text: Error while decoding frame!)
03-24 13:58:07.095 20111 20111 I flutter : libmpv log: PlayerLog(prefix: vd, level: warn, text: Error while decoding frame!)
03-24 13:58:07.096 20111 20111 I flutter : libmpv log: PlayerLog(prefix: vd, level: warn, text: Error while decoding frame!)
03-24 13:58:07.097 20111 20111 I flutter : libmpv log: PlayerLog(prefix: vd, level: warn, text: Error while decoding frame!)
03-24 13:58:07.097 20111 20111 I flutter : libmpv log: PlayerLog(prefix: vd, level: warn, text: Error while decoding frame!)
03-24 13:58:07.097 20111 20111 I flutter : libmpv log: PlayerLog(prefix: vd, level: warn, text: Error while decoding frame!)
03-24 13:58:07.105 20111 20111 I flutter : libmpv log: PlayerLog(prefix: vd, level: warn, text: Error while decoding frame!)
03-24 13:58:07.106 20111 20111 I flutter : libmpv log: PlayerLog(prefix: vd, level: warn, text: Error while decoding frame!)
03-24 13:58:07.106 20111 20111 I flutter : libmpv log: PlayerLog(prefix: vd, level: warn, text: Error while decoding frame!)
03-24 13:58:07.106 20111 20111 I flutter : libmpv log: PlayerLog(prefix: vd, level: warn, text: Error while decoding frame!)
03-24 13:58:07.106 20111 20111 I flutter : libmpv log: PlayerLog(prefix: vd, level: warn, text: Error while decoding frame!)
03-24 13:58:07.106 20111 20111 I flutter : libmpv log: PlayerLog(prefix: vd, level: warn, text: Error while decoding frame!)
03-24 13:58:07.122 20111 20111 I flutter : libmpv log: PlayerLog(prefix: vd, level: warn, text: Error while decoding frame!)
03-24 13:58:07.122 20111 20111 I flutter : libmpv log: PlayerLog(prefix: vd, level: warn, text: Error while decoding frame!)
03-24 13:58:07.122 20111 20111 I flutter : libmpv log: PlayerLog(prefix: vd, level: warn, text: Error while decoding frame!)
03-24 13:58:07.122 20111 20111 I flutter : libmpv log: PlayerLog(prefix: vd, level: warn, text: Error while decoding frame!)
03-24 13:58:07.122 20111 20111 I flutter : libmpv log: PlayerLog(prefix: vd, level: warn, text: Error while decoding frame!)
03-24 13:58:07.122 20111 20111 I flutter : libmpv log: PlayerLog(prefix: vd, level: warn, text: Error while decoding frame!)
03-24 13:58:07.122 20111 20111 I flutter : libmpv log: PlayerLog(prefix: vd, level: warn, text: Error while decoding frame!)
03-24 13:58:07.123 20111 20111 I flutter : libmpv log: PlayerLog(prefix: vd, level: warn, text: Error while decoding frame!)
03-24 13:58:07.123 20111 20111 I flutter : libmpv log: PlayerLog(prefix: vd, level: warn, text: Error while decoding frame!)
03-24 13:58:07.123 20111 20111 I flutter : libmpv log: PlayerLog(prefix: vd, level: warn, text: Error while decoding frame!)
03-24 13:58:07.123 20111 20111 I flutter : libmpv log: PlayerLog(prefix: vd, level: warn, text: Error while decoding frame!)
03-24 13:58:07.123 20111 20111 I flutter : libmpv log: PlayerLog(prefix: vd, level: warn, text: Error while decoding frame!)
03-24 13:58:07.123 20111 20111 I flutter : libmpv log: PlayerLog(prefix: vd, level: warn, text: Error while decoding frame!)
03-24 13:58:07.123 20111 20111 I flutter : libmpv log: PlayerLog(prefix: vd, level: warn, text: Error while decoding frame!)
03-24 13:58:07.123 20111 20111 I flutter : libmpv log: PlayerLog(prefix: vd, level: warn, text: Error while decoding frame!)
03-24 13:58:07.123 20111 20111 I flutter : libmpv log: PlayerLog(prefix: vd, level: warn, text: Error while decoding frame!)
03-24 13:58:07.123 20111 20111 I flutter : libmpv log: PlayerLog(prefix: vd, level: warn, text: Error while decoding frame!)
03-24 13:58:07.123 20111 20111 I flutter : libmpv log: PlayerLog(prefix: vd, level: warn, text: Error while decoding frame!)
03-24 13:58:07.123 20111 20111 I flutter : libmpv log: PlayerLog(prefix: vd, level: warn, text: Error while decoding frame!)
03-24 13:58:07.123 20111 20111 I flutter : libmpv log: PlayerLog(prefix: vd, level: warn, text: Error while decoding frame!)
03-24 13:58:07.123 20111 20111 I flutter : libmpv log: PlayerLog(prefix: vd, level: warn, text: Error while decoding frame!)
03-24 13:58:07.123 20111 20111 I flutter : libmpv log: PlayerLog(prefix: vd, level: warn, text: Error while decoding frame!)
03-24 13:58:07.123 20111 20111 I flutter : libmpv log: PlayerLog(prefix: vd, level: warn, text: Error while decoding frame!)
03-24 13:58:07.124 20111 20111 I flutter : libmpv log: PlayerLog(prefix: vd, level: warn, text: Error while decoding frame!)
03-24 13:58:07.124 20111 20111 I flutter : libmpv log: PlayerLog(prefix: vd, level: warn, text: Error while decoding frame!)
03-24 13:58:07.124 20111 20111 I flutter : libmpv log: PlayerLog(prefix: vd, level: warn, text: Error while decoding frame!)
03-24 13:58:07.124 20111 20111 I flutter : libmpv log: PlayerLog(prefix: vd, level: warn, text: Error while decoding frame!)
03-24 13:58:07.125 20111 20111 I flutter : libmpv log: PlayerLog(prefix: vd, level: warn, text: Error while decoding frame!)
03-24 13:58:07.139 20111 20111 I flutter : libmpv log: PlayerLog(prefix: vd, level: warn, text: Error while decoding frame!)
03-24 13:58:07.139 20111 20111 I flutter : libmpv log: PlayerLog(prefix: vd, level: warn, text: Error while decoding frame!)
03-24 13:58:07.139 20111 20111 I flutter : libmpv log: PlayerLog(prefix: vd, level: warn, text: Error while decoding frame!)
03-24 13:58:07.139 20111 20111 I flutter : libmpv log: PlayerLog(prefix: vd, level: warn, text: Error while decoding frame!)
03-24 13:58:07.139 20111 20111 I flutter : libmpv log: PlayerLog(prefix: vd, level: warn, text: Error while decoding frame!)
03-24 13:58:07.140 20111 20111 I flutter : libmpv log: PlayerLog(prefix: vd, level: warn, text: Error while decoding frame!)
03-24 13:58:07.140 20111 20111 I flutter : libmpv log: PlayerLog(prefix: vd, level: warn, text: Error while decoding frame!)
03-24 13:58:07.140 20111 20111 I flutter : libmpv log: PlayerLog(prefix: vd, level: warn, text: Error while decoding frame!)
03-24 13:58:07.140 20111 20111 I flutter : libmpv log: PlayerLog(prefix: vd, level: warn, text: Error while decoding frame!)
03-24 13:58:07.140 20111 20111 I flutter : libmpv log: PlayerLog(prefix: vd, level: warn, text: Error while decoding frame!)
03-24 13:58:07.140 20111 20111 I flutter : libmpv log: PlayerLog(prefix: vd, level: warn, text: Error while decoding frame!)
03-24 13:58:07.140 20111 20111 I flutter : libmpv log: PlayerLog(prefix: vd, level: warn, text: Error while decoding frame!)
03-24 13:58:07.140 20111 20111 I flutter : libmpv log: PlayerLog(prefix: vd, level: warn, text: Error while decoding frame!)
03-24 13:58:07.140 20111 20111 I flutter : libmpv log: PlayerLog(prefix: vd, level: warn, text: Error while decoding frame!)
03-24 13:58:07.140 20111 20111 I flutter : libmpv log: PlayerLog(prefix: vd, level: warn, text: Error while decoding frame!)
03-24 13:58:07.140 20111 20111 I flutter : libmpv log: PlayerLog(prefix: vd, level: warn, text: Error while decoding frame!)
03-24 13:58:07.140 20111 20111 I flutter : libmpv log: PlayerLog(prefix: vd, level: warn, text: Error while decoding frame!)
03-24 13:58:07.141 20111 20111 I flutter : libmpv log: PlayerLog(prefix: vd, level: warn, text: Error while decoding frame!)
03-24 13:58:07.141 20111 20111 I flutter : libmpv log: PlayerLog(prefix: vd, level: warn, text: Error while decoding frame!)
03-24 13:58:07.141 20111 20111 I flutter : libmpv log: PlayerLog(prefix: vd, level: warn, text: Error while decoding frame!)
03-24 13:58:07.141 20111 20111 I flutter : libmpv log: PlayerLog(prefix: vd, level: warn, text: Error while decoding frame!)
03-24 13:58:07.141 20111 20111 I flutter : libmpv log: PlayerLog(prefix: vd, level: warn, text: Error while decoding frame!)
03-24 13:58:07.141 20111 20111 I flutter : libmpv log: PlayerLog(prefix: vd, level: warn, text: Error while decoding frame!)
03-24 13:58:07.141 20111 20111 I flutter : libmpv log: PlayerLog(prefix: vd, level: warn, text: Error while decoding frame!)
03-24 13:58:07.154 20111 20111 I flutter : libmpv log: PlayerLog(prefix: vd, level: warn, text: Error while decoding frame!)
03-24 13:58:07.154 20111 20111 I flutter : libmpv log: PlayerLog(prefix: vd, level: warn, text: Error while decoding frame!)
03-24 13:58:07.154 20111 20111 I flutter : libmpv log: PlayerLog(prefix: vd, level: warn, text: Error while decoding frame!)
03-24 13:58:07.154 20111 20111 I flutter : libmpv log: PlayerLog(prefix: vd, level: warn, text: Error while decoding frame!)
03-24 13:58:07.154 20111 20111 I flutter : libmpv log: PlayerLog(prefix: vd, level: warn, text: Error while decoding frame!)
03-24 13:58:07.154 20111 20111 I flutter : libmpv log: PlayerLog(prefix: vd, level: warn, text: Error while decoding frame!)
03-24 13:58:07.154 20111 20111 I flutter : libmpv log: PlayerLog(prefix: vd, level: warn, text: Error while decoding frame!)
03-24 13:58:07.154 20111 20111 I flutter : libmpv log: PlayerLog(prefix: vd, level: warn, text: Error while decoding frame!)
03-24 13:58:07.154 20111 20111 I flutter : libmpv log: PlayerLog(prefix: vd, level: warn, text: Error while decoding frame!)
03-24 13:58:07.154 20111 20111 I flutter : libmpv log: PlayerLog(prefix: vd, level: warn, text: Error while decoding frame!)
03-24 13:58:07.154 20111 20111 I flutter : libmpv log: PlayerLog(prefix: vd, level: warn, text: Error while decoding frame!)
03-24 13:58:07.154 20111 20111 I flutter : libmpv log: PlayerLog(prefix: vd, level: warn, text: Error while decoding frame!)
03-24 13:58:07.154 20111 20111 I flutter : libmpv log: PlayerLog(prefix: vd, level: warn, text: Error while decoding frame!)
03-24 13:58:07.154 20111 20111 I flutter : libmpv log: PlayerLog(prefix: vd, level: warn, text: Error while decoding frame!)
03-24 13:58:07.154 20111 20111 I flutter : libmpv log: PlayerLog(prefix: vd, level: warn, text: Error while decoding frame!)
03-24 13:58:07.154 20111 20111 I flutter : libmpv log: PlayerLog(prefix: vd, level: warn, text: Error while decoding frame!)
03-24 13:58:07.154 20111 20111 I flutter : libmpv log: PlayerLog(prefix: vd, level: warn, text: Error while decoding frame!)
03-24 13:58:07.155 20111 20111 I flutter : libmpv log: PlayerLog(prefix: vd, level: warn, text: Error while decoding frame!)
03-24 13:58:07.155 20111 20111 I flutter : libmpv log: PlayerLog(prefix: vd, level: warn, text: Error while decoding frame!)
03-24 13:58:07.155 20111 20111 I flutter : libmpv log: PlayerLog(prefix: vd, level: warn, text: Error while decoding frame!)
03-24 13:58:07.155 20111 20111 I flutter : libmpv log: PlayerLog(prefix: vd, level: warn, text: Error while decoding frame!)
03-24 13:58:07.155 20111 20111 I flutter : libmpv log: PlayerLog(prefix: vd, level: warn, text: Error while decoding frame!)
03-24 13:58:07.155 20111 20111 I flutter : libmpv log: PlayerLog(prefix: vd, level: warn, text: Error while decoding frame!)
03-24 13:58:07.155 20111 20111 I flutter : libmpv log: PlayerLog(prefix: vd, level: warn, text: Error while decoding frame!)
03-24 13:58:07.155 20111 20111 I flutter : libmpv log: PlayerLog(prefix: vd, level: warn, text: Error while decoding frame!)
03-24 13:58:07.155 20111 20111 I flutter : libmpv log: PlayerLog(prefix: vd, level: warn, text: Error while decoding frame!)
03-24 13:58:07.155 20111 20111 I flutter : libmpv log: PlayerLog(prefix: vd, level: warn, text: Error while decoding frame!)
03-24 13:58:07.155 20111 20111 I flutter : libmpv log: PlayerLog(prefix: vd, level: warn, text: Error while decoding frame!)
03-24 13:58:07.157 20111 20111 I flutter : libmpv log: PlayerLog(prefix: vd, level: warn, text: Error while decoding frame!)
03-24 13:58:07.157 20111 20111 I flutter : libmpv log: PlayerLog(prefix: vd, level: warn, text: Error while decoding frame!)
03-24 13:58:07.158 20111 20111 I flutter : libmpv log: PlayerLog(prefix: vd, level: warn, text: Error while decoding frame!)
03-24 13:58:07.158 20111 20111 I flutter : libmpv log: PlayerLog(prefix: vd, level: warn, text: Error while decoding frame!)
03-24 13:58:07.159 20111 20111 I flutter : libmpv log: PlayerLog(prefix: vd, level: warn, text: Error while decoding frame!)
03-24 13:58:07.159 20111 20111 I flutter : libmpv log: PlayerLog(prefix: vd, level: warn, text: Error while decoding frame!)
03-24 13:58:07.159 20111 20111 I flutter : libmpv log: PlayerLog(prefix: vd, level: warn, text: Error while decoding frame!)
03-24 13:58:07.159 20111 20111 I flutter : libmpv log: PlayerLog(prefix: vd, level: warn, text: Error while decoding frame!)
03-24 13:58:07.162 20111 20111 I flutter : libmpv log: PlayerLog(prefix: vd, level: warn, text: Error while decoding frame!)
03-24 13:58:07.162 20111 20111 I flutter : libmpv log: PlayerLog(prefix: vd, level: warn, text: Error while decoding frame!)
03-24 13:58:07.163 20111 20111 I flutter : libmpv log: PlayerLog(prefix: vd, level: warn, text: Error while decoding frame!)
03-24 13:58:07.164 20111 20111 I flutter : libmpv log: PlayerLog(prefix: vd, level: warn, text: Error while decoding frame!)
03-24 13:58:07.171 20111 20124 I deckers.thibault.aves.libre: Background concurrent mark compact GC freed 12MB AllocSpace bytes, 52(10216KB) LOS objects, 75% free, 8378KB/32MB, paused 3.364ms,6.065ms total 144.506ms
03-24 13:58:07.172 20111 20111 I flutter : libmpv log: PlayerLog(prefix: vd, level: warn, text: Error while decoding frame!)
03-24 13:58:07.174 20111 20111 I flutter : libmpv log: PlayerLog(prefix: vd, level: warn, text: Error while decoding frame!)
03-24 13:58:07.174 20111 20111 I flutter : libmpv log: PlayerLog(prefix: vd, level: warn, text: Error while decoding frame!)
03-24 13:58:07.175 20111 20111 I flutter : libmpv log: PlayerLog(prefix: vd, level: warn, text: Error while decoding frame!)
03-24 13:58:07.179 20111 20111 I flutter : libmpv log: PlayerLog(prefix: vd, level: warn, text: Error while decoding frame!)
03-24 13:58:07.179 20111 20111 I flutter : libmpv log: PlayerLog(prefix: vd, level: warn, text: Error while decoding frame!)
03-24 13:58:07.179 20111 20111 I flutter : libmpv log: PlayerLog(prefix: vd, level: warn, text: Error while decoding frame!)
03-24 13:58:07.179 20111 20111 I flutter : libmpv log: PlayerLog(prefix: vd, level: warn, text: Error while decoding frame!)
03-24 13:58:07.179 20111 20111 I flutter : libmpv log: PlayerLog(prefix: vd, level: warn, text: Error while decoding frame!)
03-24 13:58:07.179 20111 20111 I flutter : libmpv log: PlayerLog(prefix: vd, level: warn, text: Error while decoding frame!)
03-24 13:58:07.179 20111 20111 I flutter : libmpv log: PlayerLog(prefix: vd, level: warn, text: Error while decoding frame!)
03-24 13:58:07.179 20111 20111 I flutter : libmpv log: PlayerLog(prefix: vd, level: warn, text: Error while decoding frame!)
03-24 13:58:07.180 20111 20111 I flutter : libmpv log: PlayerLog(prefix: vd, level: warn, text: Error while decoding frame!)
03-24 13:58:07.180 20111 20111 I flutter : libmpv log: PlayerLog(prefix: vd, level: warn, text: Error while decoding frame!)
03-24 13:58:07.180 20111 20111 I flutter : libmpv log: PlayerLog(prefix: vd, level: warn, text: Error while decoding frame!)
03-24 13:58:07.180 20111 20111 I flutter : libmpv log: PlayerLog(prefix: vd, level: warn, text: Error while decoding frame!)
03-24 13:58:07.185 20111 20111 I flutter : libmpv log: PlayerLog(prefix: vd, level: warn, text: Error while decoding frame!)
03-24 13:58:07.186 20111 20111 I flutter : libmpv log: PlayerLog(prefix: vd, level: warn, text: Error while decoding frame!)
03-24 13:58:07.186 20111 20111 I flutter : libmpv log: PlayerLog(prefix: vd, level: warn, text: Error while decoding frame!)
03-24 13:58:07.186 20111 20111 I flutter : libmpv log: PlayerLog(prefix: vd, level: warn, text: Error while decoding frame!)
03-24 13:58:07.186 20111 20111 I flutter : libmpv log: PlayerLog(prefix: vd, level: warn, text: Error while decoding frame!)
03-24 13:58:07.186 20111 20111 I flutter : libmpv log: PlayerLog(prefix: vd, level: warn, text: Error while decoding frame!)
03-24 13:58:07.186 20111 20111 I flutter : libmpv log: PlayerLog(prefix: vd, level: warn, text: Error while decoding frame!)
03-24 13:58:07.186 20111 20111 I flutter : libmpv log: PlayerLog(prefix: vd, level: warn, text: Error while decoding frame!)
03-24 13:58:07.186 20111 20111 I flutter : libmpv log: PlayerLog(prefix: vd, level: warn, text: Error while decoding frame!)
03-24 13:58:07.186 20111 20111 I flutter : libmpv log: PlayerLog(prefix: vd, level: warn, text: Error while decoding frame!)
03-24 13:58:07.186 20111 20111 I flutter : libmpv log: PlayerLog(prefix: vd, level: warn, text: Error while decoding frame!)
03-24 13:58:07.186 20111 20111 I flutter : libmpv log: PlayerLog(prefix: vd, level: warn, text: Error while decoding frame!)
03-24 13:58:07.189 20111 20111 I flutter : libmpv log: PlayerLog(prefix: vd, level: warn, text: Error while decoding frame!)
03-24 13:58:07.189 20111 20111 I flutter : libmpv log: PlayerLog(prefix: vd, level: warn, text: Error while decoding frame!)
03-24 13:58:07.189 20111 20111 I flutter : libmpv log: PlayerLog(prefix: vd, level: warn, text: Error while decoding frame!)
03-24 13:58:07.189 20111 20111 I flutter : libmpv log: PlayerLog(prefix: vd, level: warn, text: Error while decoding frame!)
03-24 13:58:07.190 20111 20111 I flutter : libmpv log: PlayerLog(prefix: vd, level: warn, text: Error while decoding frame!)
03-24 13:58:07.190 20111 20111 I flutter : libmpv log: PlayerLog(prefix: vd, level: warn, text: Error while decoding frame!)
03-24 13:58:07.191 20111 20111 I flutter : libmpv log: PlayerLog(prefix: vd, level: warn, text: Error while decoding frame!)
03-24 13:58:07.191 20111 20111 I flutter : libmpv log: PlayerLog(prefix: vd, level: warn, text: Error while decoding frame!)
03-24 13:58:07.192 20111 20111 I flutter : libmpv log: PlayerLog(prefix: vd, level: warn, text: Error while decoding frame!)
03-24 13:58:07.192 20111 20111 I flutter : libmpv log: PlayerLog(prefix: vd, level: warn, text: Error while decoding frame!)
03-24 13:58:07.193 20111 20111 I flutter : libmpv log: PlayerLog(prefix: vd, level: warn, text: Error while decoding frame!)
03-24 13:58:07.240 20111 20111 I VideoOutputManager: com.alexmercerind.media_kit_video.VideoOutputManager.setSurfaceSize: -5476140075893454768 1440 3120
03-24 13:58:07.240 20111 20111 I VideoOutput: onSurfaceCreated
03-24 13:58:07.241 20111 20111 I VideoOutput: newGlobalRef: object = Surface(name=null mNativeObject=-5476138922721017856)/@0x43258ad
03-24 13:58:07.488 20111 26156 D CCodec : allocate(c2.exynos.h264.decoder)
03-24 13:58:07.491 20111 26156 I CCodec : setting up 'default' as default (vendor) store
03-24 13:58:07.496 20111 26156 W deckers.thibault.aves.libre: AIBinder_linkToDeath is being called with a non-null cookie and no onUnlink callback set. This might not be intended. AIBinder_DeathRecipient_setOnUnlinked should be called first.
03-24 13:58:07.496 20111 26156 I CCodec : Created component [c2.exynos.h264.decoder]
03-24 13:58:07.496 20111 26156 D CCodecConfig: read media type: video/avc
03-24 13:58:07.498 20111 26156 D ReflectedParamUpdater: extent() != 1 for single value type: output.subscribed-indices.values
03-24 13:58:07.499 20111 26156 D ReflectedParamUpdater: extent() != 1 for single value type: input.buffers.allocator-ids.values
03-24 13:58:07.499 20111 26156 D ReflectedParamUpdater: extent() != 1 for single value type: output.buffers.allocator-ids.values
03-24 13:58:07.499 20111 26156 D ReflectedParamUpdater: extent() != 1 for single value type: output.buffers.pool-ids.values
03-24 13:58:07.501 20111 26156 D ReflectedParamUpdater: ignored struct field coded.color-format.locations
03-24 13:58:07.504 20111 26156 D CCodecConfig: ignoring local param raw.size (0xd2001800) as it is already supported
03-24 13:58:07.504 20111 26156 D CCodecConfig: ignoring local param default.color (0x5200180b) as it is already supported
03-24 13:58:07.504 20111 26156 D ReflectedParamUpdater: ignored struct field raw.hdr-static-info.mastering
03-24 13:58:07.505 20111 26156 I CCodecConfig: query failed after returning 15 values (BAD_INDEX)
03-24 13:58:07.506 20111 26156 D CCodecConfig: c2 config diff is Dict {
03-24 13:58:07.506 20111 26156 D CCodecConfig: c2::u32 algo.low-latency.value = 0
03-24 13:58:07.506 20111 26156 D CCodecConfig: c2::i32 algo.priority.value = 0
03-24 13:58:07.506 20111 26156 D CCodecConfig: c2::float algo.rate.value = 0
03-24 13:58:07.506 20111 26156 D CCodecConfig: c2::u32 coded.pl.level = 20496
03-24 13:58:07.506 20111 26156 D CCodecConfig: c2::u32 coded.pl.profile = 20481
03-24 13:58:07.506 20111 26156 D CCodecConfig: c2::u32 coded.vui.color.matrix = 0
03-24 13:58:07.506 20111 26156 D CCodecConfig: c2::u32 coded.vui.color.primaries = 0
03-24 13:58:07.506 20111 26156 D CCodecConfig: c2::u32 coded.vui.color.range = 0
03-24 13:58:07.506 20111 26156 D CCodecConfig: c2::u32 coded.vui.color.transfer = 0
03-24 13:58:07.506 20111 26156 D CCodecConfig: c2::u32 default.color.matrix = 0
03-24 13:58:07.506 20111 26156 D CCodecConfig: c2::u32 default.color.primaries = 0
03-24 13:58:07.506 20111 26156 D CCodecConfig: c2::u32 default.color.range = 0
03-24 13:58:07.506 20111 26156 D CCodecConfig: c2::u32 default.color.transfer = 0
03-24 13:58:07.506 20111 26156 D CCodecConfig: c2::u32 input.buffers.max-size.value = 7340032
03-24 13:58:07.506 20111 26156 D CCodecConfig: string input.media-type.value = "video/avc"
03-24 13:58:07.506 20111 26156 D CCodecConfig: c2::u32 output.delay.value = 3
03-24 13:58:07.506 20111 26156 D CCodecConfig: string output.media-type.value = "video/raw"
03-24 13:58:07.506 20111 26156 D CCodecConfig: c2::u32 raw.color.matrix = 0
03-24 13:58:07.506 20111 26156 D CCodecConfig: c2::u32 raw.color.primaries = 0
03-24 13:58:07.506 20111 26156 D CCodecConfig: c2::u32 raw.color.range = 0
03-24 13:58:07.506 20111 26156 D CCodecConfig: c2::u32 raw.color.transfer = 0
03-24 13:58:07.506 20111 26156 D CCodecConfig: c2::float raw.hdr-static-info.max-cll = 0
03-24 13:58:07.506 20111 26156 D CCodecConfig: c2::float raw.hdr-static-info.max-fall = 0
03-24 13:58:07.506 20111 26156 D CCodecConfig: c2::u32 raw.max-size.height = 240
03-24 13:58:07.506 20111 26156 D CCodecConfig: c2::u32 raw.max-size.width = 320
03-24 13:58:07.506 20111 26156 D CCodecConfig: c2::u32 raw.pixel-format.value = 34
03-24 13:58:07.506 20111 26156 D CCodecConfig: c2::i32 raw.rotation.flip =
03-24 13:58:07.506 20111 26156 W ColorUtils: expected specified color aspects (0:0:0:0)
03-24 13:58:07.509 20111 26156 D CCodec : [c2.exynos.h264.decoder] buffers are bound to CCodec for this session
03-24 13:58:07.509 20111 26156 D CCodec : Client requested ByteBuffer mode decoder w/o color format set: using default semi-planar color format
03-24 13:58:07.509 20111 26156 D CCodecConfig: no c2 equivalents for csd-1
03-24 13:58:07.509 20111 26156 D CCodecConfig: no c2 equivalents for flags
03-24 13:58:07.510 20111 26156 D CCodecConfig: c2 config diff is c2::u32 raw.pixel-format.value = 35
03-24 13:58:07.510 20111 26156 D CCodecConfig: c2::u32 raw.size.height = 3120
03-24 13:58:07.510 20111 26156 D CCodecConfig: c2::u32 raw.size.width = 1440
03-24 13:58:07.511 20111 26156 W ColorUtils: expected specified color aspects (0:0:0:0)
03-24 13:58:07.511 20111 26156 D CCodec : encoding statistics level = 0
03-24 13:58:07.511 20111 26156 D CCodec : setup formats input: AMessage(what = 0x00000000) = {
03-24 13:58:07.511 20111 26156 D CCodec : int32_t height = 3120
03-24 13:58:07.511 20111 26156 D CCodec : int32_t level = 65536
03-24 13:58:07.511 20111 26156 D CCodec : int32_t max-input-size = 7340032
03-24 13:58:07.511 20111 26156 D CCodec : string mime = "video/avc"
03-24 13:58:07.511 20111 26156 D CCodec : int32_t priority = 0
03-24 13:58:07.511 20111 26156 D CCodec : int32_t profile = 65536
03-24 13:58:07.511 20111 26156 D CCodec : int32_t width = 1440
03-24 13:58:07.511 20111 26156 D CCodec : Rect crop(0, 0, 1439, 3119)
03-24 13:58:07.511 20111 26156 D CCodec : }
03-24 13:58:07.511 20111 26156 D CCodec : setup formats output: AMessage(what = 0x00000000) = {
03-24 13:58:07.511 20111 26156 D CCodec : int32_t android._color-format = 2135033992
03-24 13:58:07.511 20111 26156 D CCodec : int32_t android._video-scaling = 1
03-24 13:58:07.511 20111 26156 D CCodec : int32_t rotation-degrees = 0
03-24 13:58:07.511 20111 26156 D CCodec : int32_t color-standard = 0
03-24 13:58:07.511 20111 26156 D CCodec : int32_t color-range = 0
03-24 13:58:07.511 20111 26156 D CCodec : int32_t color-transfer = 0
03-24 13:58:07.511 20111 26156 D CCodec : float cta861.max-cll = 0.000000
03-24 13:58:07.511 20111 26156 D CCodec : float cta861.max-fall = 0.000000
03-24 13:58:07.511 20111 26156 D CCodec : int32_t sar-height = 1
03-24 13:58:07.511 20111 26156 D CCodec : int32_t sar-width = 1
03-24 13:58:07.511 20111 26156 D CCodec : Rect crop(0, 0, 1439, 3119)
03-24 13:58:07.511 20111 26156 D CCodec : int32_t width = 1440
03-24 13:58:07.511 20111 26156 D CCodec : int32_t height = 3120
03-24 13:58:07.511 20111 26156 D CCodec : int32_t max-height = 240
03-24 13:58:07.511 20111 26156 D CCodec : int32_t max-width = 320
03-24 13:58:07.511 20111 26156 D CCodec : string mime = "video/raw"
03-24 13:58:07.511 20111 26156 D CCodec : int32_t priority = 0
03-24 13:58:07.511 20111 26156 D CCodec : int32_t android._dataspace = 0
03-24 13:58:07.511 20111 26156 D CCodec : int32_t color-format = 21
03-24 13:58:07.511 20111 26156 D CCodec : }
03-24 13:58:07.511 20111 26156 I CCodecConfig: query failed after returning 15 values (BAD_INDEX)
03-24 13:58:07.512 20111 26156 D CCodecConfig: c2 config diff is c2::u32 raw.max-size.height = 3120
03-24 13:58:07.512 20111 26156 D CCodecConfig: c2::u32 raw.max-size.width = 1440
03-24 13:58:07.512 20111 26156 W ColorUtils: expected specified color aspects (0:0:0:0)
03-24 13:58:07.529 20111 26156 D CCodecBufferChannel: [c2.exynos.h264.decoder#102] Created input block pool with allocatorID 16 => poolID 28 - OK (0)
03-24 13:58:07.531 20111 26156 I CCodecBufferChannel: [c2.exynos.h264.decoder#102] Created output block pool with allocatorID 17 => poolID 115 - OK
03-24 13:58:07.531 20111 26156 D CCodecBufferChannel: [c2.exynos.h264.decoder#102] Configured output block pool ids 115 => OK
03-24 13:58:07.536 20111 26155 W deckers.thibault.aves.libre: AIBinder_linkToDeath is being called with a non-null cookie and no onUnlink callback set. This might not be intended. AIBinder_DeathRecipient_setOnUnlinked should be called first.
03-24 13:58:07.552 20111 26156 D CCodecConfig: c2 config diff is c2::u32 output.delay.value = 5
03-24 13:58:07.553 20111 26156 W ColorUtils: expected specified color aspects (0:0:0:0)
03-24 13:58:07.556 20111 20133 D CCodecBufferChannel: [c2.exynos.h264.decoder#102] Ignoring stale input buffer done callback: last flush index = 0, frameIndex = 0
03-24 13:58:07.575 20111 26156 D CCodecConfig: c2 config diff is c2::u32 raw.color.matrix = 1
03-24 13:58:07.575 20111 26156 D CCodecConfig: c2::u32 raw.color.primaries = 1
03-24 13:58:07.575 20111 26156 D CCodecConfig: c2::u32 raw.color.range = 2
03-24 13:58:07.575 20111 26156 D CCodecConfig: c2::u32 raw.color.transfer = 3
03-24 13:58:07.575 20111 26156 D CCodecConfig: c2::u32 raw.crop.height = 3120
03-24 13:58:07.575 20111 26156 D CCodecConfig: c2::u32 raw.crop.left = 0
03-24 13:58:07.575 20111 26156 D CCodecConfig: c2::u32 raw.crop.top = 0
03-24 13:58:07.575 20111 26156 D CCodecConfig: c2::u32 raw.crop.width = 1440
03-24 13:58:07.576 20111 26156 D CCodecBuffers: [c2.exynos.h264.decoder#102:2D-BB-Output] popFromStashAndRegister: at 0us, output format changed to AMessage(what = 0x00000000) = {
03-24 13:58:07.576 20111 26156 D CCodecBuffers: int32_t android._color-format = 2135033992
03-24 13:58:07.576 20111 26156 D CCodecBuffers: int32_t android._video-scaling = 1
03-24 13:58:07.576 20111 26156 D CCodecBuffers: int32_t rotation-degrees = 0
03-24 13:58:07.576 20111 26156 D CCodecBuffers: int32_t color-standard = 1
03-24 13:58:07.576 20111 26156 D CCodecBuffers: int32_t color-range = 2
03-24 13:58:07.576 20111 26156 D CCodecBuffers: int32_t color-transfer = 3
03-24 13:58:07.576 20111 26156 D CCodecBuffers: float cta861.max-cll = 0.000000
03-24 13:58:07.576 20111 26156 D CCodecBuffers: float cta861.max-fall = 0.000000
03-24 13:58:07.576 20111 26156 D CCodecBuffers: int32_t sar-height = 1
03-24 13:58:07.576 20111 26156 D CCodecBuffers: int32_t sar-width = 1
03-24 13:58:07.576 20111 26156 D CCodecBuffers: Rect crop(0, 0, 1439, 3119)
03-24 13:58:07.576 20111 26156 D CCodecBuffers: int32_t width = 1440
03-24 13:58:07.576 20111 26156 D CCodecBuffers: int32_t height = 3120
03-24 13:58:07.576 20111 26156 D CCodecBuffers: int32_t max-height = 3120
03-24 13:58:07.576 20111 26156 D CCodecBuffers: int32_t max-width = 1440
03-24 13:58:07.576 20111 26156 D CCodecBuffers: string mime = "video/raw"
03-24 13:58:07.576 20111 26156 D CCodecBuffers: int32_t priority = 0
03-24 13:58:07.576 20111 26156 D CCodecBuffers: int32_t android._dataspace = 260
03-24 13:58:07.576 20111 26156 D CCodecBuffers: int32_t color-format = 21
03-24 13:58:07.576 20111 26156 D CCodecBuffers: }
03-24 13:58:07.576 20111 26156 D CCodecBuffers: [c2.exynos.h264.decoder#102:2D-BB-Output] updating image-data
03-24 13:58:07.577 20111 26156 D CCodecBuffers: [c2.exynos.h264.decoder#102:2D-BB-Output] updating stride = 1472, width: 1440, height: 3120
03-24 13:58:07.577 20111 26156 D CCodecBuffers: [c2.exynos.h264.decoder#102:2D-BB-Output] updating vstride = 3120
03-24 13:58:07.756 20111 20111 I VideoOutputManager: com.alexmercerind.media_kit_video.VideoOutputManager.setSurfaceSize: -5476140075893454768 1440 3120
03-24 13:58:07.777 20111 20193 W HWUI : Image decoding logging dropped!
03-24 13:58:07.801 20111 20186 E MediaMetadataRetrieverJNI: getEmbeddedPicture: Call to getEmbeddedPicture failed.
03-24 13:58:07.806 20111 20193 W HWUI : Image decoding logging dropped!
03-24 13:58:07.933 20111 20111 I deckers.thibault.aves.libre: Explicit concurrent mark compact GC freed 1905KB AllocSpace bytes, 217(74MB) LOS objects, 78% free, 6714KB/30MB, paused 294us,1.119ms total 58.204ms
03-24 13:58:08.198 20111 20111 I flutter : libmpv log: PlayerLog(prefix: vd, level: warn, text: Error while decoding frame!)
03-24 13:58:08.198 20111 20111 I flutter : libmpv log: PlayerLog(prefix: vd, level: warn, text: Error while decoding frame!)
03-24 13:58:08.198 20111 20111 I flutter : libmpv log: PlayerLog(prefix: vd, level: warn, text: Error while decoding frame!)
03-24 13:58:08.198 20111 20111 I flutter : libmpv log: PlayerLog(prefix: vd, level: warn, text: Error while decoding frame!)
03-24 13:58:08.198 20111 20111 I flutter : libmpv log: PlayerLog(prefix: vd, level: warn, text: Error while decoding frame!)
03-24 13:58:08.198 20111 20111 I flutter : libmpv log: PlayerLog(prefix: vd, level: warn, text: Error while decoding frame!)
03-24 13:58:08.198 20111 20111 I flutter : libmpv log: PlayerLog(prefix: vd, level: warn, text: Error while decoding frame!)
03-24 13:58:08.198 20111 20111 I flutter : libmpv log: PlayerLog(prefix: vd, level: warn, text: Error while decoding frame!)
03-24 13:58:08.198 20111 20111 I flutter : libmpv log: PlayerLog(prefix: vd, level: warn, text: Error while decoding frame!)
03-24 13:58:08.198 20111 20111 I flutter : libmpv log: PlayerLog(prefix: vd, level: warn, text: Error while decoding frame!)
03-24 13:58:08.198 20111 20111 I flutter : libmpv log: PlayerLog(prefix: vd, level: warn, text: Error while decoding frame!)
03-24 13:58:08.198 20111 20111 I flutter : libmpv log: PlayerLog(prefix: vd, level: warn, text: Error while decoding frame!)
03-24 13:58:08.198 20111 20111 I flutter : libmpv log: PlayerLog(prefix: vd, level: warn, text: Error while decoding frame!)
03-24 13:58:08.198 20111 20111 I flutter : libmpv log: PlayerLog(prefix: vd, level: warn, text: Error while decoding frame!)
03-24 13:58:08.198 20111 20111 I flutter : libmpv log: PlayerLog(prefix: vd, level: warn, text: Error while decoding frame!)
03-24 13:58:08.198 20111 20111 I flutter : libmpv log: PlayerLog(prefix: vd, level: warn, text: Error while decoding frame!)
03-24 13:58:08.198 20111 20111 I flutter : libmpv log: PlayerLog(prefix: vd, level: warn, text: Error while decoding frame!)
03-24 13:58:08.198 20111 20111 I flutter : libmpv log: PlayerLog(prefix: vd, level: warn, text: Error while decoding frame!)
03-24 13:58:08.198 20111 20111 I flutter : libmpv log: PlayerLog(prefix: vd, level: warn, text: Error while decoding frame!)
03-24 13:58:08.198 20111 20111 I flutter : libmpv log: PlayerLog(prefix: vd, level: warn, text: Error while decoding frame!)
03-24 13:58:08.198 20111 20111 I flutter : libmpv log: PlayerLog(prefix: vd, level: warn, text: Error while decoding frame!)
03-24 13:58:08.198 20111 20111 I flutter : libmpv log: PlayerLog(prefix: vd, level: warn, text: Error while decoding frame!)
03-24 13:58:08.198 20111 20111 I flutter : libmpv log: PlayerLog(prefix: vd, level: warn, text: Error while decoding frame!)
03-24 13:58:08.198 20111 20111 I flutter : libmpv log: PlayerLog(prefix: vd, level: warn, text: Error while decoding frame!)
03-24 13:58:08.198 20111 20111 I flutter : libmpv log: PlayerLog(prefix: vd, level: warn, text: Error while decoding frame!)
