03-24 13:59:39.550 20111 27261 D ReflectedParamUpdater: extent() != 1 for single value type: output.buffers.allocator-ids.values
03-24 13:59:39.550 20111 27261 D ReflectedParamUpdater: extent() != 1 for single value type: output.buffers.pool-ids.values
03-24 13:59:39.552 20111 27261 D ReflectedParamUpdater: ignored struct field coded.color-format.locations
03-24 13:59:39.553 20111 27261 D CCodecConfig: ignoring local param raw.size (0xd2001800) as it is already supported
03-24 13:59:39.553 20111 27261 D CCodecConfig: ignoring local param default.color (0x5200180b) as it is already supported
03-24 13:59:39.553 20111 27261 D ReflectedParamUpdater: ignored struct field raw.hdr-static-info.mastering
03-24 13:59:39.554 20111 27261 I CCodecConfig: query failed after returning 15 values (BAD_INDEX)
03-24 13:59:39.554 20111 27261 D CCodecConfig: c2 config diff is Dict {
03-24 13:59:39.554 20111 27261 D CCodecConfig: c2::u32 algo.low-latency.value = 0
03-24 13:59:39.554 20111 27261 D CCodecConfig: c2::i32 algo.priority.value = 0
03-24 13:59:39.554 20111 27261 D CCodecConfig: c2::float algo.rate.value = 0
03-24 13:59:39.554 20111 27261 D CCodecConfig: c2::u32 coded.pl.level = 20496
03-24 13:59:39.554 20111 27261 D CCodecConfig: c2::u32 coded.pl.profile = 20481
03-24 13:59:39.554 20111 27261 D CCodecConfig: c2::u32 coded.vui.color.matrix = 0
03-24 13:59:39.554 20111 27261 D CCodecConfig: c2::u32 coded.vui.color.primaries = 0
03-24 13:59:39.554 20111 27261 D CCodecConfig: c2::u32 coded.vui.color.range = 0
03-24 13:59:39.554 20111 27261 D CCodecConfig: c2::u32 coded.vui.color.transfer = 0
03-24 13:59:39.554 20111 27261 D CCodecConfig: c2::u32 default.color.matrix = 0
03-24 13:59:39.554 20111 27261 D CCodecConfig: c2::u32 default.color.primaries = 0
03-24 13:59:39.554 20111 27261 D CCodecConfig: c2::u32 default.color.range = 0
03-24 13:59:39.554 20111 27261 D CCodecConfig: c2::u32 default.color.transfer = 0
03-24 13:59:39.554 20111 27261 D CCodecConfig: c2::u32 input.buffers.max-size.value = 7340032
03-24 13:59:39.554 20111 27261 D CCodecConfig: string input.media-type.value = "video/avc"
03-24 13:59:39.554 20111 27261 D CCodecConfig: c2::u32 output.delay.value = 3
03-24 13:59:39.554 20111 27261 D CCodecConfig: string output.media-type.value = "video/raw"
03-24 13:59:39.554 20111 27261 D CCodecConfig: c2::u32 raw.color.matrix = 0
03-24 13:59:39.554 20111 27261 D CCodecConfig: c2::u32 raw.color.primaries = 0
03-24 13:59:39.554 20111 27261 D CCodecConfig: c2::u32 raw.color.range = 0
03-24 13:59:39.554 20111 27261 D CCodecConfig: c2::u32 raw.color.transfer = 0
03-24 13:59:39.554 20111 27261 D CCodecConfig: c2::float raw.hdr-static-info.max-cll = 0
03-24 13:59:39.554 20111 27261 D CCodecConfig: c2::float raw.hdr-static-info.max-fall = 0
03-24 13:59:39.554 20111 27261 D CCodecConfig: c2::u32 raw.max-size.height = 240
03-24 13:59:39.554 20111 27261 D CCodecConfig: c2::u32 raw.max-size.width = 320
03-24 13:59:39.554 20111 27261 D CCodecConfig: c2::u32 raw.pixel-format.value = 34
03-24 13:59:39.554 20111 27261 D CCodecConfig: c2::i32 raw.rotation.flip =
03-24 13:59:39.555 20111 27261 W ColorUtils: expected specified color aspects (0:0:0:0)
03-24 13:59:39.556 20111 27261 D CCodec : [c2.exynos.h264.decoder] buffers are bound to CCodec for this session
03-24 13:59:39.556 20111 27261 D CCodec : Client requested ByteBuffer mode decoder w/o color format set: using default semi-planar color format
03-24 13:59:39.556 20111 27261 D CCodecConfig: no c2 equivalents for csd-1
03-24 13:59:39.556 20111 27261 D CCodecConfig: no c2 equivalents for flags
03-24 13:59:39.557 20111 27261 D CCodecConfig: c2 config diff is c2::u32 raw.pixel-format.value = 35
03-24 13:59:39.557 20111 27261 D CCodecConfig: c2::u32 raw.size.height = 1440
03-24 13:59:39.557 20111 27261 D CCodecConfig: c2::u32 raw.size.width = 3120
03-24 13:59:39.557 20111 27261 W ColorUtils: expected specified color aspects (0:0:0:0)
03-24 13:59:39.558 20111 27261 D CCodec : encoding statistics level = 0
03-24 13:59:39.558 20111 27261 D CCodec : setup formats input: AMessage(what = 0x00000000) = {
03-24 13:59:39.558 20111 27261 D CCodec : int32_t height = 1440
03-24 13:59:39.558 20111 27261 D CCodec : int32_t level = 65536
03-24 13:59:39.558 20111 27261 D CCodec : int32_t max-input-size = 7340032
03-24 13:59:39.558 20111 27261 D CCodec : string mime = "video/avc"
03-24 13:59:39.558 20111 27261 D CCodec : int32_t priority = 0
03-24 13:59:39.558 20111 27261 D CCodec : int32_t profile = 65536
03-24 13:59:39.558 20111 27261 D CCodec : int32_t width = 3120
03-24 13:59:39.558 20111 27261 D CCodec : Rect crop(0, 0, 3119, 1439)
03-24 13:59:39.558 20111 27261 D CCodec : }
03-24 13:59:39.558 20111 27261 D CCodec : setup formats output: AMessage(what = 0x00000000) = {
03-24 13:59:39.558 20111 27261 D CCodec : int32_t android._color-format = 2135033992
03-24 13:59:39.558 20111 27261 D CCodec : int32_t android._video-scaling = 1
03-24 13:59:39.558 20111 27261 D CCodec : int32_t rotation-degrees = 0
03-24 13:59:39.558 20111 27261 D CCodec : int32_t color-standard = 0
03-24 13:59:39.558 20111 27261 D CCodec : int32_t color-range = 0
03-24 13:59:39.558 20111 27261 D CCodec : int32_t color-transfer = 0
03-24 13:59:39.558 20111 27261 D CCodec : float cta861.max-cll = 0.000000
03-24 13:59:39.558 20111 27261 D CCodec : float cta861.max-fall = 0.000000
03-24 13:59:39.558 20111 27261 D CCodec : int32_t sar-height = 1
03-24 13:59:39.558 20111 27261 D CCodec : int32_t sar-width = 1
03-24 13:59:39.558 20111 27261 D CCodec : Rect crop(0, 0, 3119, 1439)
03-24 13:59:39.558 20111 27261 D CCodec : int32_t width = 3120
03-24 13:59:39.558 20111 27261 D CCodec : int32_t height = 1440
03-24 13:59:39.558 20111 27261 D CCodec : int32_t max-height = 240
03-24 13:59:39.558 20111 27261 D CCodec : int32_t max-width = 320
03-24 13:59:39.558 20111 27261 D CCodec : string mime = "video/raw"
03-24 13:59:39.558 20111 27261 D CCodec : int32_t priority = 0
03-24 13:59:39.558 20111 27261 D CCodec : int32_t android._dataspace = 0
03-24 13:59:39.558 20111 27261 D CCodec : int32_t color-format = 21
03-24 13:59:39.558 20111 27261 D CCodec : }
03-24 13:59:39.558 20111 27261 I CCodecConfig: query failed after returning 15 values (BAD_INDEX)
03-24 13:59:39.558 20111 27261 D CCodecConfig: c2 config diff is c2::u32 raw.max-size.height = 1440
03-24 13:59:39.558 20111 27261 D CCodecConfig: c2::u32 raw.max-size.width = 3120
03-24 13:59:39.558 20111 27261 W ColorUtils: expected specified color aspects (0:0:0:0)
03-24 13:59:39.571 20111 27261 D CCodecBufferChannel: [c2.exynos.h264.decoder#508] Created input block pool with allocatorID 16 => poolID 46 - OK (0)
03-24 13:59:39.572 20111 27261 I CCodecBufferChannel: [c2.exynos.h264.decoder#508] Created output block pool with allocatorID 17 => poolID 145 - OK
03-24 13:59:39.572 20111 27261 D CCodecBufferChannel: [c2.exynos.h264.decoder#508] Configured output block pool ids 145 => OK
03-24 13:59:39.576 20111 27260 W deckers.thibault.aves.libre: AIBinder_linkToDeath is being called with a non-null cookie and no onUnlink callback set. This might not be intended. AIBinder_DeathRecipient_setOnUnlinked should be called first.
03-24 13:59:39.600 20111 20131 D CCodecBufferChannel: [c2.exynos.h264.decoder#508] Ignoring stale input buffer done callback: last flush index = 0, frameIndex = 0
03-24 13:59:39.607 20111 27261 D CCodecConfig: c2 config diff is c2::u32 raw.color.matrix = 1
03-24 13:59:39.607 20111 27261 D CCodecConfig: c2::u32 raw.color.primaries = 1
03-24 13:59:39.607 20111 27261 D CCodecConfig: c2::u32 raw.color.range = 2
03-24 13:59:39.607 20111 27261 D CCodecConfig: c2::u32 raw.color.transfer = 3
03-24 13:59:39.607 20111 27261 D CCodecConfig: c2::u32 raw.crop.height = 1440
03-24 13:59:39.607 20111 27261 D CCodecConfig: c2::u32 raw.crop.left = 0
03-24 13:59:39.607 20111 27261 D CCodecConfig: c2::u32 raw.crop.top = 0
03-24 13:59:39.607 20111 27261 D CCodecConfig: c2::u32 raw.crop.width = 3120
03-24 13:59:39.609 20111 27261 D CCodecBuffers: [c2.exynos.h264.decoder#508:2D-BB-Output] popFromStashAndRegister: at 0us, output format changed to AMessage(what = 0x00000000) = {
03-24 13:59:39.609 20111 27261 D CCodecBuffers: int32_t android._color-format = 2135033992
03-24 13:59:39.609 20111 27261 D CCodecBuffers: int32_t android._video-scaling = 1
03-24 13:59:39.609 20111 27261 D CCodecBuffers: int32_t rotation-degrees = 0
03-24 13:59:39.609 20111 27261 D CCodecBuffers: int32_t color-standard = 1
03-24 13:59:39.609 20111 27261 D CCodecBuffers: int32_t color-range = 2
03-24 13:59:39.609 20111 27261 D CCodecBuffers: int32_t color-transfer = 3
03-24 13:59:39.609 20111 27261 D CCodecBuffers: float cta861.max-cll = 0.000000
03-24 13:59:39.609 20111 27261 D CCodecBuffers: float cta861.max-fall = 0.000000
03-24 13:59:39.609 20111 27261 D CCodecBuffers: int32_t sar-height = 1
03-24 13:59:39.609 20111 27261 D CCodecBuffers: int32_t sar-width = 1
03-24 13:59:39.609 20111 27261 D CCodecBuffers: Rect crop(0, 0, 3119, 1439)
03-24 13:59:39.609 20111 27261 D CCodecBuffers: int32_t width = 3120
03-24 13:59:39.609 20111 27261 D CCodecBuffers: int32_t height = 1440
03-24 13:59:39.609 20111 27261 D CCodecBuffers: int32_t max-height = 1440
03-24 13:59:39.609 20111 27261 D CCodecBuffers: int32_t max-width = 3120
03-24 13:59:39.609 20111 27261 D CCodecBuffers: string mime = "video/raw"
03-24 13:59:39.609 20111 27261 D CCodecBuffers: int32_t priority = 0
03-24 13:59:39.609 20111 27261 D CCodecBuffers: int32_t android._dataspace = 260
03-24 13:59:39.609 20111 27261 D CCodecBuffers: int32_t color-format = 21
03-24 13:59:39.609 20111 27261 D CCodecBuffers: }
03-24 13:59:39.611 20111 27261 D CCodecBuffers: [c2.exynos.h264.decoder#508:2D-BB-Output] updating image-data
03-24 13:59:39.611 20111 27261 D CCodecBuffers: [c2.exynos.h264.decoder#508:2D-BB-Output] updating stride = 3136, width: 3120, height: 1440
03-24 13:59:39.611 20111 27261 D CCodecBuffers: [c2.exynos.h264.decoder#508:2D-BB-Output] updating vstride = 1440
03-24 13:59:39.613 20111 20193 W HWUI : Image decoding logging dropped!
03-24 13:59:39.638 20111 20193 W HWUI : Image decoding logging dropped!
03-24 13:59:39.713 20111 20111 I VideoOutputManager: com.alexmercerind.media_kit_video.VideoOutputManager.setSurfaceSize: -5476140075894042544 1440 3120
03-24 13:59:40.077 20111 20193 W HWUI : Image decoding logging dropped!
03-24 13:59:40.211 20111 26164 W HWUI : Image decoding logging dropped!
03-24 13:59:40.219 20111 20193 W HWUI : Image decoding logging dropped!
03-24 13:59:40.248 20111 20193 W HWUI : Image decoding logging dropped!
03-24 13:59:40.256 20111 20193 W HWUI : Image decoding logging dropped!
03-24 13:59:40.265 20111 20193 W HWUI : Image decoding logging dropped!
03-24 13:59:40.276 20111 20193 W HWUI : Image decoding logging dropped!
03-24 13:59:40.283 20111 20193 W HWUI : Image decoding logging dropped!
03-24 13:59:40.288 20111 20193 W HWUI : Image decoding logging dropped!
03-24 13:59:40.295 20111 20193 W HWUI : Image decoding logging dropped!
03-24 13:59:40.311 20111 20193 W HWUI : Image decoding logging dropped!
03-24 13:59:40.361 20111 20169 E MediaMetadataRetrieverJNI: getEmbeddedPicture: Call to getEmbeddedPicture failed.
03-24 13:59:40.453 20111 20193 W HWUI : Image decoding logging dropped!
03-24 13:59:40.472 20111 20193 W HWUI : Image decoding logging dropped!
03-24 13:59:40.511 20111 20193 W HWUI : Image decoding logging dropped!
03-24 13:59:40.523 20111 20193 W HWUI : Image decoding logging dropped!
03-24 13:59:40.552 20111 20193 W HWUI : Image decoding logging dropped!
03-24 13:59:40.564 20111 20193 W HWUI : Image decoding logging dropped!
03-24 13:59:40.574 20111 20193 W HWUI : Image decoding logging dropped!
03-24 13:59:40.578 20111 20193 W HWUI : Image decoding logging dropped!
03-24 13:59:40.586 20111 20193 W HWUI : Image decoding logging dropped!
03-24 13:59:40.589 20111 20193 W HWUI : Image decoding logging dropped!
03-24 13:59:40.591 20111 20193 W HWUI : Image decoding logging dropped!
03-24 13:59:40.595 20111 20193 W HWUI : Image decoding logging dropped!
03-24 13:59:40.597 20111 20193 W HWUI : Image decoding logging dropped!
03-24 13:59:40.600 20111 20193 W HWUI : Image decoding logging dropped!
03-24 13:59:40.750 20111 20111 I flutter : Cancelling picture-in-picture
03-24 13:59:40.870 20111 20111 I flutter : reinitialize controllers for entry=AvesEntry#db1f6{id=1410, uri=content://media/external/video/media/1000012992, path=/storage/emulated/0/Download/screen-20250324-134852 (1).mp4, pageId=null} because metadata changed
03-24 13:59:40.870 20111 20111 I flutter : Large heap usage (111307472B) from cataloguing entry=AvesEntry#db1f6{id=1410, uri=content://media/external/video/media/1000012992, path=/storage/emulated/0/Download/screen-20250324-134852 (1).mp4, pageId=null} size=5005971
03-24 13:59:40.939 20111 20111 I deckers.thibault.aves.libre: Explicit concurrent mark compact GC freed 15MB AllocSpace bytes, 219(90MB) LOS objects, 78% free, 6886KB/30MB, paused 240us,1.073ms total 68.468ms
03-24 13:59:40.963 20111 20111 I flutter : SqfliteLocalMediaDb saveMetadata complete in 3ms for 1 entries
03-24 13:59:41.004 20111 20111 I flutter : Report log with message=MediaStoreSource refresh end for 1 uris
03-24 13:59:41.567 20111 20111 D InsetsController: Setting requestedVisibleTypes to -12 (was -9)
03-24 13:59:41.954 20111 20527 D AidlBufferPoolAcc: evictor expired: 1, evicted: 0
03-24 13:59:42.750 20111 20111 I flutter : Report log with message=MediaStoreSource refresh start for 1 uris
03-24 13:59:42.821 20111 20111 I flutter : Report log with message=MediaStoreSource refresh end for 1 uris
03-24 13:59:43.674 20111 20111 I VideoOutput: deleteGlobalObjectRef: ref = 13646
03-24 13:59:43.954 20111 20527 D AidlBufferPool: bufferpool2 0xb400d7adeff9bbe8 : 0(0 size) total buffers - 0(0 size) used buffers - 2/8 (recycle/alloc) - 2/6 (fetch/transfer)
03-24 13:59:43.954 20111 20527 D AidlBufferPool: bufferpool2 0xb400d7adf003cd68 : 0(0 size) total buffers - 0(0 size) used buffers - 72/77 (recycle/alloc) - 5/69 (fetch/transfer)
03-24 13:59:43.954 20111 20527 D AidlBufferPoolAcc: evictor expired: 2, evicted: 2
03-24 13:59:44.029 20111 20111 I flutter : Report log with message=MediaStoreSource refresh start for 1 uris
03-24 13:59:44.114 20111 20111 I flutter : Report log with message=MediaStoreSource refresh end for 1 uris
03-24 13:59:44.265 20111 20111 I flutter : failed to probe video metadata within 5000 ms for entry=AvesEntry#db1f6{id=1410, uri=content://media/external/video/media/1000012992, path=/storage/emulated/0/Download/screen-20250324-134852 (1).mp4, pageId=null}
03-24 13:59:44.280 20111 20111 I flutter : SqfliteLocalMediaDb saveMetadata complete in 5ms for 1 entries
03-24 13:59:44.280 20111 20111 I flutter : reinitialize controllers for entry=AvesEntry#db1f6{id=1410, uri=content://media/external/video/media/1000012992, path=/storage/emulated/0/Download/screen-20250324-134852 (1).mp4, pageId=null} because metadata changed
03-24 13:59:44.364 20111 20111 I flutter : reinitialize controllers for entry=AvesEntry#db1f6{id=1410, uri=content://media/external/video/media/1000012992, path=/storage/emulated/0/Download/screen-20250324-134852 (1).mp4, pageId=null} because metadata changed
03-24 13:59:44.955 20111 20527 D AidlBufferPool: bufferpool2 0xb400d7adefec3ce8 : 0(0 size) total buffers - 0(0 size) used buffers - 10/15 (recycle/alloc) - 5/7 (fetch/transfer)
03-24 13:59:44.955 20111 20527 D AidlBufferPoolAcc: evictor expired: 1, evicted: 1
03-24 13:59:44.991 20111 26039 D AidlBufferPool: bufferpool2 0xb400d7adefbcb568 : 5(36700160 size) total buffers - 5(36700160 size) used buffers - 268/273 (recycle/alloc) - 6/270 (fetch/transfer)
03-24 13:59:46.092 20111 27260 I CCodecConfig: query failed after returning 15 values (BAD_INDEX)
03-24 13:59:46.093 20111 27260 D CCodecConfig: c2 config diff is c2::u32 coded.vui.color.matrix = 1
03-24 13:59:46.093 20111 27260 D CCodecConfig: c2::u32 coded.vui.color.primaries = 1
03-24 13:59:46.093 20111 27260 D CCodecConfig: c2::u32 coded.vui.color.range = 2
03-24 13:59:46.093 20111 27260 D CCodecConfig: c2::u32 coded.vui.color.transfer = 3
03-24 13:59:46.132 20111 27260 D CCodecBufferChannel: [c2.exynos.h264.decoder#508] MediaCodec discarded an unknown buffer
03-24 13:59:46.133 20111 27260 D CCodecBufferChannel: [c2.exynos.h264.decoder#508] MediaCodec discarded an unknown buffer
03-24 13:59:46.134 20111 27260 I CCodecConfig: query failed after returning 15 values (BAD_INDEX)
03-24 13:59:46.138 20111 27260 I CCodecConfig: query failed after returning 15 values (BAD_INDEX)
03-24 13:59:46.157 20111 20549 D CCodecBufferChannel: [c2.exynos.h264.decoder#508] Ignoring stale input buffer done callback: last flush index = 349, frameIndex = 349
03-24 13:59:46.851 20111 20111 D InsetsController: Setting requestedVisibleTypes to -9 (was -12)
03-24 13:59:47.311 20111 20111 I flutter : Report log with message=Nav pop to /collection
03-24 13:59:47.337 20111 20111 W WindowOnBackDispatcher: OnBackInvokedCallback is not enabled for the application.
03-24 13:59:47.337 20111 20111 W WindowOnBackDispatcher: Set 'android:enableOnBackInvokedCallback="true"' in the application manifest.
03-24 13:59:47.640 20111 20111 I flutter : Cancelling picture-in-picture
03-24 13:59:47.655 20111 27261 D CCodecBufferChannel: [c2.exynos.h264.decoder#508] Discard frames from previous generation.
03-24 13:59:47.655 20111 27260 D CCodecBufferChannel: [c2.exynos.h264.decoder#508] MediaCodec discarded an unknown buffer
03-24 13:59:47.656 20111 27260 D CCodecBufferChannel: [c2.exynos.h264.decoder#508] MediaCodec discarded an unknown buffer
03-24 13:59:47.657 20111 27260 I CCodecConfig: query failed after returning 15 values (BAD_INDEX)
03-24 13:59:47.658 20111 27260 D CCodecBufferChannel: [c2.exynos.h264.decoder#508] MediaCodec discarded an unknown buffer
03-24 13:59:47.659 20111 27260 D CCodecBufferChannel: [c2.exynos.h264.decoder#508] MediaCodec discarded an unknown buffer
03-24 13:59:47.659 20111 27260 D CCodecBufferChannel: [c2.exynos.h264.decoder#508] MediaCodec discarded an unknown buffer
03-24 13:59:47.659 20111 27260 D CCodecBufferChannel: [c2.exynos.h264.decoder#508] MediaCodec discarded an unknown buffer
03-24 13:59:47.708 20111 27340 D CCodec : allocate(c2.exynos.h264.decoder)
03-24 13:59:47.711 20111 27340 I CCodec : setting up 'default' as default (vendor) store
03-24 13:59:47.719 20111 27340 W deckers.thibault.aves.libre: AIBinder_linkToDeath is being called with a non-null cookie and no onUnlink callback set. This might not be intended. AIBinder_DeathRecipient_setOnUnlinked should be called first.
03-24 13:59:47.719 20111 27340 I CCodec : Created component [c2.exynos.h264.decoder]
03-24 13:59:47.719 20111 27340 D CCodecConfig: read media type: video/avc
03-24 13:59:47.723 20111 27340 D ReflectedParamUpdater: extent() != 1 for single value type: output.subscribed-indices.values
03-24 13:59:47.723 20111 27340 D ReflectedParamUpdater: extent() != 1 for single value type: input.buffers.allocator-ids.values
03-24 13:59:47.723 20111 27340 D ReflectedParamUpdater: extent() != 1 for single value type: output.buffers.allocator-ids.values
03-24 13:59:47.724 20111 27340 D ReflectedParamUpdater: extent() != 1 for single value type: output.buffers.pool-ids.values
03-24 13:59:47.725 20111 27340 D ReflectedParamUpdater: ignored struct field coded.color-format.locations
03-24 13:59:47.727 20111 27340 D CCodecConfig: ignoring local param raw.size (0xd2001800) as it is already supported
03-24 13:59:47.727 20111 27340 D CCodecConfig: ignoring local param default.color (0x5200180b) as it is already supported
03-24 13:59:47.727 20111 27340 D ReflectedParamUpdater: ignored struct field raw.hdr-static-info.mastering
03-24 13:59:47.728 20111 27340 I CCodecConfig: query failed after returning 15 values (BAD_INDEX)
03-24 13:59:47.728 20111 27340 D CCodecConfig: c2 config diff is Dict {
03-24 13:59:47.728 20111 27340 D CCodecConfig: c2::u32 algo.low-latency.value = 0
03-24 13:59:47.728 20111 27340 D CCodecConfig: c2::i32 algo.priority.value = 0
03-24 13:59:47.728 20111 27340 D CCodecConfig: c2::float algo.rate.value = 0
03-24 13:59:47.728 20111 27340 D CCodecConfig: c2::u32 coded.pl.level = 20496
03-24 13:59:47.728 20111 27340 D CCodecConfig: c2::u32 coded.pl.profile = 20481
03-24 13:59:47.728 20111 27340 D CCodecConfig: c2::u32 coded.vui.color.matrix = 0
03-24 13:59:47.728 20111 27340 D CCodecConfig: c2::u32 coded.vui.color.primaries = 0
03-24 13:59:47.728 20111 27340 D CCodecConfig: c2::u32 coded.vui.color.range = 0
03-24 13:59:47.728 20111 27340 D CCodecConfig: c2::u32 coded.vui.color.transfer = 0
03-24 13:59:47.728 20111 27340 D CCodecConfig: c2::u32 default.color.matrix = 0
03-24 13:59:47.728 20111 27340 D CCodecConfig: c2::u32 default.color.primaries = 0
03-24 13:59:47.728 20111 27340 D CCodecConfig: c2::u32 default.color.range = 0
03-24 13:59:47.728 20111 27340 D CCodecConfig: c2::u32 default.color.transfer = 0
03-24 13:59:47.728 20111 27340 D CCodecConfig: c2::u32 input.buffers.max-size.value = 7340032
03-24 13:59:47.728 20111 27340 D CCodecConfig: string input.media-type.value = "video/avc"
03-24 13:59:47.728 20111 27340 D CCodecConfig: c2::u32 output.delay.value = 3
03-24 13:59:47.728 20111 27340 D CCodecConfig: string output.media-type.value = "video/raw"
03-24 13:59:47.728 20111 27340 D CCodecConfig: c2::u32 raw.color.matrix = 0
03-24 13:59:47.728 20111 27340 D CCodecConfig: c2::u32 raw.color.primaries = 0
03-24 13:59:47.728 20111 27340 D CCodecConfig: c2::u32 raw.color.range = 0
03-24 13:59:47.728 20111 27340 D CCodecConfig: c2::u32 raw.color.transfer = 0
03-24 13:59:47.728 20111 27340 D CCodecConfig: c2::float raw.hdr-static-info.max-cll = 0
03-24 13:59:47.728 20111 27340 D CCodecConfig: c2::float raw.hdr-static-info.max-fall = 0
03-24 13:59:47.728 20111 27340 D CCodecConfig: c2::u32 raw.max-size.height = 240
03-24 13:59:47.728 20111 27340 D CCodecConfig: c2::u32 raw.max-size.width = 320
03-24 13:59:47.728 20111 27340 D CCodecConfig: c2::u32 raw.pixel-format.value = 34
03-24 13:59:47.728 20111 27340 D CCodecConfig: c2::i32 raw.rotation.flip =
03-24 13:59:47.729 20111 27340 W ColorUtils: expected specified color aspects (0:0:0:0)
03-24 13:59:47.732 20111 27340 D CCodec : [c2.exynos.h264.decoder] buffers are bound to CCodec for this session
03-24 13:59:47.732 20111 27340 D CCodec : Client requested ByteBuffer mode decoder w/o color format set: using default semi-planar color format
03-24 13:59:47.732 20111 27340 D CCodecConfig: no c2 equivalents for csd-1
03-24 13:59:47.732 20111 27340 D CCodecConfig: no c2 equivalents for flags
03-24 13:59:47.733 20111 27340 D CCodecConfig: c2 config diff is c2::u32 raw.pixel-format.value = 35
03-24 13:59:47.733 20111 27340 D CCodecConfig: c2::u32 raw.size.height = 1440
03-24 13:59:47.733 20111 27340 D CCodecConfig: c2::u32 raw.size.width = 3120
03-24 13:59:47.733 20111 27340 W ColorUtils: expected specified color aspects (0:0:0:0)
03-24 13:59:47.734 20111 27340 D CCodec : encoding statistics level = 0
03-24 13:59:47.734 20111 27340 D CCodec : setup formats input: AMessage(what = 0x00000000) = {
03-24 13:59:47.734 20111 27340 D CCodec : int32_t height = 1440
03-24 13:59:47.734 20111 27340 D CCodec : int32_t level = 65536
03-24 13:59:47.734 20111 27340 D CCodec : int32_t max-input-size = 7340032
03-24 13:59:47.734 20111 27340 D CCodec : string mime = "video/avc"
03-24 13:59:47.734 20111 27340 D CCodec : int32_t priority = 0
03-24 13:59:47.734 20111 27340 D CCodec : int32_t profile = 65536
03-24 13:59:47.734 20111 27340 D CCodec : int32_t width = 3120
03-24 13:59:47.734 20111 27340 D CCodec : Rect crop(0, 0, 3119, 1439)
03-24 13:59:47.734 20111 27340 D CCodec : }
03-24 13:59:47.734 20111 27340 D CCodec : setup formats output: AMessage(what = 0x00000000) = {
03-24 13:59:47.734 20111 27340 D CCodec : int32_t android._color-format = 2135033992
03-24 13:59:47.734 20111 27340 D CCodec : int32_t android._video-scaling = 1
03-24 13:59:47.734 20111 27340 D CCodec : int32_t rotation-degrees = 0
03-24 13:59:47.734 20111 27340 D CCodec : int32_t color-standard = 0
03-24 13:59:47.734 20111 27340 D CCodec : int32_t color-range = 0
03-24 13:59:47.734 20111 27340 D CCodec : int32_t color-transfer = 0
03-24 13:59:47.734 20111 27340 D CCodec : float cta861.max-cll = 0.000000
03-24 13:59:47.734 20111 27340 D CCodec : float cta861.max-fall = 0.000000
03-24 13:59:47.734 20111 27340 D CCodec : int32_t sar-height = 1
03-24 13:59:47.734 20111 27340 D CCodec : int32_t sar-width = 1
03-24 13:59:47.734 20111 27340 D CCodec : Rect crop(0, 0, 3119, 1439)
03-24 13:59:47.734 20111 27340 D CCodec : int32_t width = 3120
03-24 13:59:47.734 20111 27340 D CCodec : int32_t height = 1440
03-24 13:59:47.734 20111 27340 D CCodec : int32_t max-height = 240
03-24 13:59:47.734 20111 27340 D CCodec : int32_t max-width = 320
03-24 13:59:47.734 20111 27340 D CCodec : string mime = "video/raw"
03-24 13:59:47.734 20111 27340 D CCodec : int32_t priority = 0
03-24 13:59:47.734 20111 27340 D CCodec : int32_t android._dataspace = 0
03-24 13:59:47.734 20111 27340 D CCodec : int32_t color-format = 21
03-24 13:59:47.734 20111 27340 D CCodec : }
03-24 13:59:47.734 20111 27340 I CCodecConfig: query failed after returning 15 values (BAD_INDEX)
03-24 13:59:47.734 20111 27340 D CCodecConfig: c2 config diff is c2::u32 raw.max-size.height = 1440
03-24 13:59:47.734 20111 27340 D CCodecConfig: c2::u32 raw.max-size.width = 3120
03-24 13:59:47.734 20111 27340 W ColorUtils: expected specified color aspects (0:0:0:0)
03-24 13:59:47.750 20111 27340 D CCodecBufferChannel: [c2.exynos.h264.decoder#580] Created input block pool with allocatorID 16 => poolID 47 - OK (0)
03-24 13:59:47.752 20111 26039 D AidlBufferPool: Destruction - bufferpool2 0xb400d7adf003cd68 cached: 0/0M, 0/0% in use; allocs: 77, 94% recycled; transfers: 69, 93% unfetched
03-24 13:59:47.752 20111 27340 I CCodecBufferChannel: [c2.exynos.h264.decoder#580] Created output block pool with allocatorID 17 => poolID 146 - OK
03-24 13:59:47.752 20111 26039 D AidlBufferPool: Destruction - bufferpool2 0xb400d7adeff9bbe8 cached: 0/0M, 0/0% in use; allocs: 8, 25% recycled; transfers: 6, 67% unfetched
03-24 13:59:47.752 20111 27340 D CCodecBufferChannel: [c2.exynos.h264.decoder#580] Configured output block pool ids 146 => OK
03-24 13:59:47.752 20111 26039 D AidlBufferPool: Destruction - bufferpool2 0xb400d7adefec3ce8 cached: 0/0M, 0/0% in use; allocs: 15, 67% recycled; transfers: 7, 29% unfetched
03-24 13:59:47.756 20111 27339 W deckers.thibault.aves.libre: AIBinder_linkToDeath is being called with a non-null cookie and no onUnlink callback set. This might not be intended. AIBinder_DeathRecipient_setOnUnlinked should be called first.
03-24 13:59:47.761 20111 27339 I CCodecConfig: query failed after returning 15 values (BAD_INDEX)
03-24 13:59:47.761 20111 27339 D CCodecConfig: c2 config diff is c2::u32 raw.crop.height = 1440
03-24 13:59:47.761 20111 27339 D CCodecConfig: c2::u32 raw.crop.left = 0
03-24 13:59:47.761 20111 27339 D CCodecConfig: c2::u32 raw.crop.top = 0
03-24 13:59:47.761 20111 27339 D CCodecConfig: c2::u32 raw.crop.width = 3120
03-24 13:59:47.763 20111 27339 W ColorUtils: expected specified color aspects (0:0:0:0)
03-24 13:59:47.767 20111 27340 D CCodecBufferChannel: [c2.exynos.h264.decoder#580] Discard frames from previous generation.
03-24 13:59:47.768 20111 27339 D CCodecBufferChannel: [c2.exynos.h264.decoder#580] MediaCodec discarded an unknown buffer
03-24 13:59:47.768 20111 27339 D CCodecBufferChannel: [c2.exynos.h264.decoder#580] MediaCodec discarded an unknown buffer
03-24 13:59:47.769 20111 27339 D CCodecBufferChannel: [c2.exynos.h264.decoder#580] MediaCodec discarded an unknown buffer
03-24 13:59:47.769 20111 27339 D CCodecBufferChannel: [c2.exynos.h264.decoder#580] MediaCodec discarded an unknown buffer
03-24 13:59:47.809 20111 20111 I VideoOutputManager: com.alexmercerind.media_kit_video.VideoOutputManager.dispose: -5476140075894042544
03-24 13:59:47.809 20111 20111 I VideoOutput: onSurfaceDestroyed
03-24 13:59:47.809 20111 20111 I flutter : VideoOutput.Resize
03-24 13:59:47.810 20111 20111 I flutter : {rect: {top: 0, left: 0, width: 1440, height: 3120}, wid: 0, handle: -5476140075894042544, id: 6}
03-24 13:59:47.813 20111 26039 D PipelineWatcher: onInputBufferReleased: frameIndex not found (2); ignored
03-24 13:59:47.813 20111 26039 D CCodecBufferChannel: [c2.exynos.h264.decoder#580] Ignoring stale input buffer done callback: last flush index = 2, frameIndex = 2
03-24 13:59:47.815 20111 26039 D PipelineWatcher: onInputBufferReleased: frameIndex not found (3); ignored
03-24 13:59:48.144 20111 20111 I flutter : Report log with message=Lifecycle inactive
03-24 13:59:48.907 20111 20111 D VRI[MainActivity]: visibilityChanged oldVisibility=true newVisibility=false
03-24 13:59:49.195 20111 20111 I d.t.a.MainActivity: onStop
03-24 13:59:49.196 20111 20111 I flutter : Report log with message=Lifecycle hidden
03-24 13:59:49.196 20111 20111 I flutter : Report log with message=Lifecycle paused
03-24 13:59:52.810 20111 20111 I VideoOutput: deleteGlobalObjectRef: ref = 14086
03-24 13:59:52.957 20111 20527 D AidlBufferPool: bufferpool2 0xb400d7adefbcb568 : 0(0 size) total buffers - 0(0 size) used buffers - 425/430 (recycle/alloc) - 6/412 (fetch/transfer)
03-24 13:59:52.957 20111 20527 D AidlBufferPool: bufferpool2 0xb400d7adefc1ce68 : 0(0 size) total buffers - 0(0 size) used buffers - 2/8 (recycle/alloc) - 2/6 (fetch/transfer)
03-24 13:59:52.957 20111 20527 D AidlBufferPoolAcc: evictor expired: 5, evicted: 2
03-24 14:00:07.392 20111 20111 D ViewRootImpl: Skipping stats log for color mode
03-24 14:00:07.393 20111 20111 I d.t.a.MainActivity: onStart
03-24 14:00:07.394 20111 20111 W WindowOnBackDispatcher: OnBackInvokedCallback is not enabled for the application.
03-24 14:00:07.394 20111 20111 W WindowOnBackDispatcher: Set 'android:enableOnBackInvokedCallback="true"' in the application manifest.
03-24 14:00:07.396 20111 20111 I d.t.a.MainActivity: onNewIntent intent=Intent { act=android.intent.action.MAIN cat=[android.intent.category.LAUNCHER] flg=0x10600000 pkg=deckers.thibault.aves.libre cmp=deckers.thibault.aves.libre/deckers.thibault.aves.MainActivity bnds=[306,2150][582,2642] }
03-24 14:00:07.397 20111 20111 I flutter : Report log with message=Lifecycle hidden
03-24 14:00:07.397 20111 20111 I flutter : Report log with message=Lifecycle inactive
03-24 14:00:07.411 20111 20111 I flutter : Report log with message=New intent data={page: null, filters: null, explorerPath: null}
03-24 14:00:07.411 20111 20111 I flutter : Report log with message=Relaunch
03-24 14:00:07.469 20111 20111 I flutter : Report log with message=Lifecycle resumed
03-24 14:00:07.472 20111 20111 D InsetsController: hide(ime(), fromIme=false)
03-24 14:00:07.472 20111 20111 I ImeTracker: deckers.thibault.aves.libre:78f261b2: onCancelled at PHASE_CLIENT_ALREADY_HIDDEN
03-24 14:00:11.307 20111 20111 I flutter : Report log with message=EntrySetActionDelegate handles EntrySetAction.delete
03-24 14:00:11.311 20111 20111 I flutter : Report log with message=Nav push to /dialog/skippable_confirmation
03-24 14:00:13.388 20111 20111 I flutter : Report log with message=Nav pop to /collection
03-24 14:00:13.433 20111 20111 I S.j : onCancel arguments={op=requestMediaFileAccess, uris=[content://media/external/video/media/1000012991], mimeTypes=[video/mp4]}
03-24 14:00:13.437 20111 20182 I a.o : request user to select and grant access permission to uris=[content://media/external/video/media/1000012991]
03-24 14:00:13.483 20111 20111 I flutter : Report log with message=Lifecycle inactive
03-24 14:00:13.605 20111 20111 W S.j : failed to use event sink
03-24 14:00:13.605 20111 20111 W S.j : java.lang.NullPointerException
03-24 14:00:13.605 20111 20111 W S.j : at java.util.Objects.requireNonNull(Objects.java:233)
03-24 14:00:13.605 20111 20111 W S.j : at g1.a$a$a.a(SourceFile:25)
03-24 14:00:13.605 20111 20111 W S.j : at J3.d.run(SourceFile:153)
03-24 14:00:13.605 20111 20111 W S.j : at android.os.Handler.handleCallback(Handler.java:991)
03-24 14:00:13.605 20111 20111 W S.j : at android.os.Handler.dispatchMessage(Handler.java:102)
03-24 14:00:13.605 20111 20111 W S.j : at android.os.Looper.loopOnce(Looper.java:232)
03-24 14:00:13.605 20111 20111 W S.j : at android.os.Looper.loop(Looper.java:317)
03-24 14:00:13.605 20111 20111 W S.j : at android.app.ActivityThread.main(ActivityThread.java:8973)
03-24 14:00:13.605 20111 20111 W S.j : at java.lang.reflect.Method.invoke(Native Method)
03-24 14:00:13.605 20111 20111 W S.j : at com.android.internal.os.RuntimeInit$MethodAndArgsCaller.run(RuntimeInit.java:591)
03-24 14:00:13.605 20111 20111 W S.j : at com.android.internal.os.ExecInit.main(ExecInit.java:50)
03-24 14:00:13.605 20111 20111 W S.j : at com.android.internal.os.RuntimeInit.nativeFinishInit(Native Method)
03-24 14:00:13.605 20111 20111 W S.j : at com.android.internal.os.RuntimeInit.main(RuntimeInit.java:369)
03-24 14:00:13.605 20111 20111 W S.j : failed to use event sink
03-24 14:00:13.605 20111 20111 W S.j : java.lang.NullPointerException
03-24 14:00:13.605 20111 20111 W S.j : at java.util.Objects.requireNonNull(Objects.java:233)
03-24 14:00:13.605 20111 20111 W S.j : at g1.a$a$a.c(SourceFile:26)
03-24 14:00:13.605 20111 20111 W S.j : at P3.e.run(SourceFile:38)
03-24 14:00:13.605 20111 20111 W S.j : at android.os.Handler.handleCallback(Handler.java:991)
03-24 14:00:13.605 20111 20111 W S.j : at android.os.Handler.dispatchMessage(Handler.java:102)
03-24 14:00:13.605 20111 20111 W S.j : at android.os.Looper.loopOnce(Looper.java:232)
03-24 14:00:13.605 20111 20111 W S.j : at android.os.Looper.loop(Looper.java:317)
03-24 14:00:13.605 20111 20111 W S.j : at android.app.ActivityThread.main(ActivityThread.java:8973)
03-24 14:00:13.605 20111 20111 W S.j : at java.lang.reflect.Method.invoke(Native Method)
03-24 14:00:13.605 20111 20111 W S.j : at com.android.internal.os.RuntimeInit$MethodAndArgsCaller.run(RuntimeInit.java:591)
03-24 14:00:13.605 20111 20111 W S.j : at com.android.internal.os.ExecInit.main(ExecInit.java:50)
03-24 14:00:13.605 20111 20111 W S.j : at com.android.internal.os.RuntimeInit.nativeFinishInit(Native Method)
03-24 14:00:13.605 20111 20111 W S.j : at com.android.internal.os.RuntimeInit.main(RuntimeInit.java:369)
03-24 14:00:13.627 20111 20111 I flutter : Report log with message=Lifecycle resumed
03-24 14:00:13.629 20111 20111 D InsetsController: hide(ime(), fromIme=false)
03-24 14:00:13.629 20111 20111 I ImeTracker: deckers.thibault.aves.libre:8182499d: onCancelled at PHASE_CLIENT_ALREADY_HIDDEN
03-24 14:00:18.295 20111 20111 I flutter : Report log with message=EntrySetActionDelegate handles EntrySetAction.delete
03-24 14:00:18.296 20111 20111 I flutter : Report log with message=Nav push to /dialog/skippable_confirmation
03-24 14:00:19.042 20111 20111 I flutter : Report log with message=Nav pop to /collection
03-24 14:00:19.059 20111 20111 I flutter : Report log with message=Nav push to /dialog/warning
03-24 14:00:19.071 20111 20111 I S.j : onCancel arguments={op=requestMediaFileAccess, uris=[content://media/external/video/media/1000012991], mimeTypes=[video/mp4]}
03-24 14:00:22.742 20111 20111 I flutter : Report log with message=Nav pop to /collection
03-24 14:00:22.758 20111 20182 I a.o : request user to select and grant access permission to path=/storage/emulated/0/Movies/
03-24 14:00:22.784 20111 20111 I flutter : Report log with message=Lifecycle inactive
03-24 14:00:23.391 20111 20111 D VRI[MainActivity]: visibilityChanged oldVisibility=true newVisibility=false
03-24 14:00:23.717 20111 20111 I d.t.a.MainActivity: onStop
03-24 14:00:23.718 20111 20111 I flutter : Report log with message=Lifecycle hidden
03-24 14:00:23.719 20111 20111 I flutter : Report log with message=Lifecycle paused
03-24 14:00:25.609 20111 20111 D ViewRootImpl: Skipping stats log for color mode
03-24 14:00:25.609 20111 20111 I d.t.a.MainActivity: onStart
03-24 14:00:25.611 20111 20111 W WindowOnBackDispatcher: OnBackInvokedCallback is not enabled for the application.
03-24 14:00:25.611 20111 20111 W WindowOnBackDispatcher: Set 'android:enableOnBackInvokedCallback="true"' in the application manifest.
03-24 14:00:25.617 20111 20111 I d.t.a.MainActivity: onStorageAccessResult with requestCode=1, uri=content://com.android.externalstorage.documents/tree/primary%3AMovies
03-24 14:00:25.619 20111 20111 I flutter : Report log with message=Lifecycle hidden
03-24 14:00:25.619 20111 20111 I flutter : Report log with message=Lifecycle inactive
03-24 14:00:25.676 20111 20111 I S.j : onCancel arguments={op=requestDirectoryAccess, path=/storage/emulated/0/Movies}
03-24 14:00:25.684 20111 20111 I flutter : Report log with message=Nav push to /dialog/report_overlay
03-24 14:00:25.685 20111 20111 I S.j : onCancel arguments={op=requestMediaFileAccess, uris=[content://media/external/video/media/1000012991], mimeTypes=[video/mp4]}
03-24 14:00:25.707 20111 20111 I flutter : Report log with message=Lifecycle resumed
03-24 14:00:25.718 20111 20111 D InsetsController: hide(ime(), fromIme=false)
03-24 14:00:25.718 20111 20111 I ImeTracker: deckers.thibault.aves.libre:ef0b0b28: onCancelled at PHASE_CLIENT_ALREADY_HIDDEN
03-24 14:00:25.958 20111 20182 D Z.z : delete [file exists=true] content at uri=content://media/external/video/media/1000012991 path=/storage/emulated/0/Download/screen-20250324-134852.mp4
03-24 14:00:26.296 20111 20182 D Z.z : delete [permission:doc, file exists after content delete] document at uri=content://media/external/video/media/1000012990 path=/storage/emulated/0/Movies/screen-20250324-134852.mp4
03-24 14:00:26.711 20111 20111 I flutter : Report log with message=Nav pop to /collection
03-24 14:00:26.814 20111 20186 W HWUI : Image decoding logging dropped!
03-24 14:00:26.814 20111 20182 W HWUI : Image decoding logging dropped!
03-24 14:00:26.814 20111 20170 W HWUI : Image decoding logging dropped!
03-24 14:00:26.815 20111 20183 W HWUI : Image decoding logging dropped!
03-24 14:00:26.868 20111 20170 W HWUI : Image decoding logging dropped!
03-24 14:00:26.870 20111 20186 W HWUI : Image decoding logging dropped!
03-24 14:00:26.871 20111 20185 W HWUI : Image decoding logging dropped!
03-24 14:00:26.878 20111 20183 W HWUI : Image decoding logging dropped!
03-24 14:00:26.906 20111 20169 W HWUI : Image decoding logging dropped!
03-24 14:00:26.907 20111 20185 W HWUI : Image decoding logging dropped!
03-24 14:00:26.917 20111 20170 W HWUI : Image decoding logging dropped!
03-24 14:00:26.917 20111 20185 W HWUI : Image decoding logging dropped!
03-24 14:00:26.918 20111 20169 W HWUI : Image decoding logging dropped!
03-24 14:00:26.927 20111 20169 W HWUI : Image decoding logging dropped!
03-24 14:00:26.932 20111 20183 W HWUI : Image decoding logging dropped!
03-24 14:00:26.938 20111 20169 W HWUI : Image decoding logging dropped!
03-24 14:00:26.949 20111 20185 W HWUI : Image decoding logging dropped!
03-24 14:00:26.950 20111 20183 W HWUI : Image decoding logging dropped!
03-24 14:00:26.951 20111 20169 W HWUI : Image decoding logging dropped!
03-24 14:00:26.954 20111 20170 W HWUI : Image decoding logging dropped!
03-24 14:00:26.964 20111 20182 W HWUI : Image decoding logging dropped!
03-24 14:00:26.968 20111 20185 W HWUI : Image decoding logging dropped!
03-24 14:00:26.970 20111 20183 W HWUI : Image decoding logging dropped!
03-24 14:00:26.976 20111 20170 W HWUI : Image decoding logging dropped!
03-24 14:00:26.989 20111 20170 W HWUI : Image decoding logging dropped!
03-24 14:00:26.992 20111 20183 W HWUI : Image decoding logging dropped!
03-24 14:00:26.993 20111 20185 W HWUI : Image decoding logging dropped!
03-24 14:00:26.994 20111 20182 W HWUI : Image decoding logging dropped!
03-24 14:00:27.012 20111 20170 W HWUI : Image decoding logging dropped!
03-24 14:00:27.013 20111 20185 W HWUI : Image decoding logging dropped!
03-24 14:00:27.016 20111 20183 W HWUI : Image decoding logging dropped!
03-24 14:00:27.029 20111 20182 W HWUI : Image decoding logging dropped!
03-24 14:00:27.050 20111 20193 W HWUI : Image decoding logging dropped!
03-24 14:00:27.055 20111 20193 W HWUI : Image decoding logging dropped!
03-24 14:00:27.074 20111 20182 W HWUI : Image decoding logging dropped!
03-24 14:00:27.076 20111 20193 W HWUI : Image decoding logging dropped!
03-24 14:00:27.092 20111 20193 W HWUI : Image decoding logging dropped!
03-24 14:00:27.350 20111 20111 I flutter : Report log with message=MediaStoreSource refresh start for 2 uris
03-24 14:00:27.440 20111 20111 I flutter : Report log with message=MediaStoreSource refresh end for 2 uris
03-24 14:00:27.956 20111 20193 W HWUI : Image decoding logging dropped!
03-24 14:00:27.963 20111 20193 W HWUI : Image decoding logging dropped!
03-24 14:00:27.972 20111 20193 W HWUI : Image decoding logging dropped!
03-24 14:00:27.978 20111 20111 I flutter : Report log with message=Nav push to /viewer
03-24 14:00:27.985 20111 20193 W HWUI : Image decoding logging dropped!
03-24 14:00:28.099 20111 20124 I deckers.thibault.aves.libre: Background concurrent mark compact GC freed 16MB AllocSpace bytes, 19(7112KB) LOS objects, 75% free, 8590KB/33MB, paused 496us,1.084ms total 112.995ms
03-24 14:00:28.891 20111 20193 W HWUI : Image decoding logging dropped!
03-24 14:00:28.939 20111 20193 W HWUI : Image decoding logging dropped!
03-24 14:00:28.962 20111 20193 W HWUI : Image decoding logging dropped!
03-24 14:00:28.972 20111 20193 W HWUI : Image decoding logging dropped!
03-24 14:00:28.979 20111 20193 W HWUI : Image decoding logging dropped!
03-24 14:00:28.984 20111 20193 W HWUI : Image decoding logging dropped!
03-24 14:00:29.006 20111 20193 W HWUI : Image decoding logging dropped!
03-24 14:00:29.020 20111 20193 W HWUI : Image decoding logging dropped!
03-24 14:00:29.053 20111 20193 W HWUI : Image decoding logging dropped!
03-24 14:00:29.075 20111 20193 W HWUI : Image decoding logging dropped!
03-24 14:00:29.084 20111 20193 W HWUI : Image decoding logging dropped!
03-24 14:00:29.089 20111 20193 W HWUI : Image decoding logging dropped!
03-24 14:00:29.115 20111 20193 W HWUI : Image decoding logging dropped!
03-24 14:00:29.118 20111 20193 W HWUI : Image decoding logging dropped!
03-24 14:00:29.132 20111 20193 W HWUI : Image decoding logging dropped!
03-24 14:00:29.142 20111 20193 W HWUI : Image decoding logging dropped!
03-24 14:00:29.167 20111 20193 W HWUI : Image decoding logging dropped!
03-24 14:00:29.179 20111 20193 W HWUI : Image decoding logging dropped!
03-24 14:00:29.184 20111 20193 W HWUI : Image decoding logging dropped!
03-24 14:00:29.203 20111 20193 W HWUI : Image decoding logging dropped!
03-24 14:00:29.208 20111 20193 W HWUI : Image decoding logging dropped!
03-24 14:00:29.224 20111 20193 W HWUI : Image decoding logging dropped!
03-24 14:00:29.231 20111 20193 W HWUI : Image decoding logging dropped!
03-24 14:00:29.233 20111 20193 W HWUI : Image decoding logging dropped!
03-24 14:00:29.250 20111 20193 W HWUI : Image decoding logging dropped!
03-24 14:00:29.320 20111 20183 W HWUI : Image decoding logging dropped!
03-24 14:00:29.382 20111 20124 I deckers.thibault.aves.libre: Background concurrent mark compact GC freed 1353KB AllocSpace bytes, 32(20MB) LOS objects, 64% free, 53MB/149MB, paused 401us,9.335ms total 60.790ms
03-24 14:00:30.120 20111 20183 W HWUI : Image decoding logging dropped!
03-24 14:00:30.340 20111 20111 I flutter : Report log with message=Lifecycle inactive
03-24 14:00:31.247 20111 20111 I d.t.a.MainActivity: onStop
03-24 14:00:31.248 20111 20111 I flutter : Report log with message=Lifecycle hidden
03-24 14:00:31.249 20111 20111 I flutter : Report log with message=Lifecycle paused
03-24 14:00:31.258 20111 20111 I d.t.a.MainActivity: onDestroy
03-24 14:00:31.259 20111 20111 I S.L : stop listening to Media Store
03-24 14:00:31.261 20111 20111 I S.O : stop listening to system settings
03-24 14:00:31.299 20111 20111 I flutter : Report log with message=Lifecycle detached
03-24 14:00:31.304 20111 20111 I media_kit: package:media_kit_libs_android_video detached.
03-24 14:00:31.483 20111 20111 W WindowOnBackDispatcher: sendCancelIfRunning: isInProgress=false callback=android.view.ViewRootImpl$$ExternalSyntheticLambda13@82570e1
03-24 14:00:31.489 20111 20111 D ViewRootImpl: Skipping stats log for color mode
03-24 14:00:31.497 20111 20111 W FlutterJNI: Tried to send a platform message response, but FlutterJNI was detached from native C++. Could not send. Response ID: 27794
03-24 14:00:32.325 27861 27861 I ault.aves.libre: Using CollectorTypeCMC GC.
03-24 14:00:32.327 27861 27861 E ault.aves.libre: Not starting debugger since process cannot load the jdwp agent.
03-24 14:00:32.342 27861 27861 W libc : Access denied finding property "ro.debuggable"
03-24 14:00:32.340 27861 27861 W app_process64: type=1400 audit(0.0:81903): avc: denied { read } for name="u:object_r:userdebug_or_eng_prop:s0" dev="tmpfs" ino=879 scontext=u:r:untrusted_app:s0:c35,c257,c512,c768 tcontext=u:object_r:userdebug_or_eng_prop:s0 tclass=file permissive=0 app=deckers.thibault.aves.libre
03-24 14:00:32.429 27861 27861 W libc : Access denied finding property "ro.debuggable"
03-24 14:00:32.424 27861 27861 W app_process64: type=1400 audit(0.0:81904): avc: denied { read } for name="u:object_r:userdebug_or_eng_prop:s0" dev="tmpfs" ino=879 scontext=u:r:untrusted_app:s0:c35,c257,c512,c768 tcontext=u:object_r:userdebug_or_eng_prop:s0 tclass=file permissive=0 app=deckers.thibault.aves.libre
03-24 14:00:32.424 27861 27861 W app_process64: type=1400 audit(0.0:81905): avc: denied { read } for name="u:object_r:userdebug_or_eng_prop:s0" dev="tmpfs" ino=879 scontext=u:r:untrusted_app:s0:c35,c257,c512,c768 tcontext=u:object_r:userdebug_or_eng_prop:s0 tclass=file permissive=0 app=deckers.thibault.aves.libre
03-24 14:00:32.429 27861 27861 W libc : Access denied finding property "ro.debuggable"
03-24 14:00:32.429 27861 27861 W libc : Access denied finding property "ro.debuggable"
03-24 14:00:32.424 27861 27861 W app_process64: type=1400 audit(0.0:81906): avc: denied { read } for name="u:object_r:userdebug_or_eng_prop:s0" dev="tmpfs" ino=879 scontext=u:r:untrusted_app:s0:c35,c257,c512,c768 tcontext=u:object_r:userdebug_or_eng_prop:s0 tclass=file permissive=0 app=deckers.thibault.aves.libre
03-24 14:00:32.431 27861 27861 D AndroidRuntime: >>>>>> START com.android.internal.os.RuntimeInit uid 10291 <<<<<<
03-24 14:00:32.431 27861 27861 W libc : Access denied finding property "ro.debuggable"
03-24 14:00:32.428 27861 27861 W ault.aves.libre: type=1400 audit(0.0:81907): avc: denied { read } for name="u:object_r:userdebug_or_eng_prop:s0" dev="tmpfs" ino=879 scontext=u:r:untrusted_app:s0:c35,c257,c512,c768 tcontext=u:object_r:userdebug_or_eng_prop:s0 tclass=file permissive=0 app=deckers.thibault.aves.libre
03-24 14:00:32.437 27861 27861 I AndroidRuntime: Using default boot image
03-24 14:00:32.437 27861 27861 I AndroidRuntime: Leaving lock profiling enabled
03-24 14:00:32.437 27861 27861 W libc : Access denied finding property "odsign.verification.success"
03-24 14:00:32.437 27861 27861 W libc : Access denied finding property "ro.debuggable"
03-24 14:00:32.432 27861 27861 W ault.aves.libre: type=1400 audit(0.0:81908): avc: denied { read } for name="u:object_r:odsign_prop:s0" dev="tmpfs" ino=780 scontext=u:r:untrusted_app:s0:c35,c257,c512,c768 tcontext=u:object_r:odsign_prop:s0 tclass=file permissive=0 app=deckers.thibault.aves.libre
03-24 14:00:32.432 27861 27861 W ault.aves.libre: type=1400 audit(0.0:81909): avc: denied { read } for name="u:object_r:userdebug_or_eng_prop:s0" dev="tmpfs" ino=879 scontext=u:r:untrusted_app:s0:c35,c257,c512,c768 tcontext=u:object_r:userdebug_or_eng_prop:s0 tclass=file permissive=0 app=deckers.thibault.aves.libre
03-24 14:00:32.438 27861 27861 E cutils-trace: Error opening trace file: No such file or directory (2)
03-24 14:00:32.441 27861 27861 W deckers.thibault.aves.libre: ART APEX data files are untrusted.
03-24 14:00:32.436 27861 27861 W ault.aves.libre: type=1400 audit(0.0:81910): avc: denied { getattr } for path="/apex/apex-info-list.xml" dev="tmpfs" ino=87 scontext=u:r:untrusted_app:s0:c35,c257,c512,c768 tcontext=u:object_r:apex_info_file:s0 tclass=file permissive=0 app=deckers.thibault.aves.libre
03-24 14:00:32.441 27861 27861 I deckers.thibault.aves.libre: Using CollectorTypeCMC GC.
03-24 14:00:32.541 27861 27861 D nativeloader: InitDefaultPublicLibraries for_preload=1: libandroid.so:libaaudio.so:libamidi.so:libbinder_ndk.so:libc.so:libcamera2ndk.so:libdl.so:libEGL.so:libGLESv1_CM.so:libGLESv2.so:libGLESv3.so:libicu.so:libicui18n.so:libicuuc.so:libjnigraphics.so:liblog.so:libmediandk.so:libm.so:libnativehelper.so:libnativewindow.so:libOpenMAXAL.so:libOpenSLES.so:libRS.so:libstdc++.so:libsync.so:libvulkan.so:libwebviewchromium_plat_support.so:libz.so
03-24 14:00:32.556 27861 27861 D nativeloader: Load libicu_jni.so using APEX ns com_android_art for caller /apex/com.android.art/javalib/core-oj.jar: ok
03-24 14:00:32.556 27861 27861 D deckers.thibault.aves.libre: u_setTimeZoneFilesDirectory("/apex/com.android.tzdata/etc/tz/versioned/8/icu") succeeded.
03-24 14:00:32.556 27861 27861 D deckers.thibault.aves.libre: I18n APEX ICU file found: /apex/com.android.i18n/etc/icu/icudt75l.dat
03-24 14:00:32.558 27861 27861 D nativeloader: Load libjavacore.so using APEX ns com_android_art for caller /apex/com.android.art/javalib/core-oj.jar: ok
03-24 14:00:32.559 27861 27861 D nativeloader: Load libopenjdk.so using APEX ns com_android_art for caller /apex/com.android.art/javalib/core-oj.jar: ok
03-24 14:00:32.575 27861 27861 W libc : Access denied finding property "ro.product.name_for_attestation"
03-24 14:00:32.575 27861 27861 W libc : Access denied finding property "ro.product.device_for_attestation"
03-24 14:00:32.575 27861 27861 W libc : Access denied finding property "ro.product.manufacturer_for_attestation"
