03-24 14:00:32.572 27861 27861 W main : type=1400 audit(0.0:81911): avc: denied { read } for name="u:object_r:build_attestation_prop:s0" dev="tmpfs" ino=597 scontext=u:r:untrusted_app:s0:c35,c257,c512,c768 tcontext=u:object_r:build_attestation_prop:s0 tclass=file permissive=0 app=deckers.thibault.aves.libre
03-24 14:00:32.575 27861 27861 W libc : Access denied finding property "ro.product.brand_for_attestation"
03-24 14:00:32.575 27861 27861 W libc : Access denied finding property "ro.product.model_for_attestation"
03-24 14:00:32.572 27861 27861 W main : type=1400 audit(0.0:81912): avc: denied { read } for name="u:object_r:build_attestation_prop:s0" dev="tmpfs" ino=597 scontext=u:r:untrusted_app:s0:c35,c257,c512,c768 tcontext=u:object_r:build_attestation_prop:s0 tclass=file permissive=0 app=deckers.thibault.aves.libre
03-24 14:00:32.572 27861 27861 W main : type=1400 audit(0.0:81913): avc: denied { read } for name="u:object_r:build_attestation_prop:s0" dev="tmpfs" ino=597 scontext=u:r:untrusted_app:s0:c35,c257,c512,c768 tcontext=u:object_r:build_attestation_prop:s0 tclass=file permissive=0 app=deckers.thibault.aves.libre
03-24 14:00:32.572 27861 27861 W main : type=1400 audit(0.0:81914): avc: denied { read } for name="u:object_r:build_attestation_prop:s0" dev="tmpfs" ino=597 scontext=u:r:untrusted_app:s0:c35,c257,c512,c768 tcontext=u:object_r:build_attestation_prop:s0 tclass=file permissive=0 app=deckers.thibault.aves.libre
03-24 14:00:32.572 27861 27861 W main : type=1400 audit(0.0:81915): avc: denied { read } for name="u:object_r:build_attestation_prop:s0" dev="tmpfs" ino=597 scontext=u:r:untrusted_app:s0:c35,c257,c512,c768 tcontext=u:object_r:build_attestation_prop:s0 tclass=file permissive=0 app=deckers.thibault.aves.libre
03-24 14:00:32.576 27861 27861 W libc : Access denied finding property "ro.debuggable"
03-24 14:00:32.572 27861 27861 W main : type=1400 audit(0.0:81916): avc: denied { read } for name="u:object_r:userdebug_or_eng_prop:s0" dev="tmpfs" ino=879 scontext=u:r:untrusted_app:s0:c35,c257,c512,c768 tcontext=u:object_r:userdebug_or_eng_prop:s0 tclass=file permissive=0 app=deckers.thibault.aves.libre
03-24 14:00:32.589 27861 27861 D nativeloader: Load libframework-connectivity-tiramisu-jni.so using APEX ns com_android_tethering for caller /apex/com.android.tethering/javalib/framework-connectivity-t.jar: ok
03-24 14:00:32.589 27861 27861 D AndroidRuntime: Calling main entry com.android.internal.os.ExecInit
03-24 14:00:32.589 27861 27861 D Zygote : begin preload
03-24 14:00:32.589 27861 27861 I Zygote : Calling ZygoteHooks.beginPreload()
03-24 14:00:32.653 27861 27861 I Zygote : Preloading shared libraries...
03-24 14:00:32.654 27861 27861 D nativeloader: Load libandroid.so using system ns (caller=/system/framework/framework.jar!classes5.dex): ok
03-24 14:00:32.655 27861 27861 D nativeloader: Load libjnigraphics.so using system ns (caller=/system/framework/framework.jar!classes5.dex): ok
03-24 14:00:32.656 27861 27861 D nativeloader: Load libcompiler_rt.so using system ns (caller=/system/framework/framework.jar!classes5.dex): ok
03-24 14:00:32.656 27861 27861 E deckers.thibault.aves.libre: Unable to find pattern file or unable to map it for am
03-24 14:00:32.674 27861 27861 I Zygote : Called ZygoteHooks.endPreload()
03-24 14:00:32.680 27861 27861 D nativeloader: Load libjavacrypto.so using APEX ns com_android_conscrypt for caller /apex/com.android.conscrypt/javalib/conscrypt.jar: ok
03-24 14:00:32.692 27861 27861 I Zygote : Installed AndroidKeyStoreProvider in 18ms.
03-24 14:00:32.692 27861 27861 D Zygote : end preload
03-24 14:00:32.700 27861 27861 W binder:27861_2: type=1400 audit(0.0:81917): avc: denied { read } for name="u:object_r:qemu_sf_lcd_density_prop:s0" dev="tmpfs" ino=807 scontext=u:r:untrusted_app:s0:c35,c257,c512,c768 tcontext=u:object_r:qemu_sf_lcd_density_prop:s0 tclass=file permissive=0 app=deckers.thibault.aves.libre
03-24 14:00:32.700 27861 27861 W binder:27861_2: type=1400 audit(0.0:81918): avc: denied { read } for name="u:object_r:qemu_sf_lcd_density_prop:s0" dev="tmpfs" ino=807 scontext=u:r:untrusted_app:s0:c35,c257,c512,c768 tcontext=u:object_r:qemu_sf_lcd_density_prop:s0 tclass=file permissive=0 app=deckers.thibault.aves.libre
03-24 14:00:32.703 27861 27879 W libc : Access denied finding property "qemu.sf.lcd_density"
03-24 14:00:32.703 27861 27879 W libc : Access denied finding property "qemu.sf.lcd_density"
03-24 14:00:32.717 27861 27861 D nativeloader: Load libstats_jni.so using APEX ns com_android_os_statsd for caller /apex/com.android.os.statsd/javalib/framework-statsd.jar: ok
03-24 14:00:32.718 27861 27861 I Typeface: Preloading /system/fonts/Roboto-Regular.ttf
03-24 14:00:32.718 27861 27861 I Typeface: Preloading /system/fonts/RobotoStatic-Regular.ttf
03-24 14:00:32.734 27861 27861 I SystemFonts: Loading font config from /system/etc/fonts.xml
03-24 14:00:32.794 27861 27861 D nativeloader: InitApexLibraries:
03-24 14:00:32.794 27861 27861 D nativeloader: com_android_art: libnativehelper.so
03-24 14:00:32.794 27861 27861 D nativeloader: com_android_i18n: libicui18n.so:libicuuc.so:libicu.so
03-24 14:00:32.794 27861 27861 D nativeloader: com_android_neuralnetworks: libneuralnetworks.so
03-24 14:00:32.794 27861 27861 D nativeloader: InitDefaultPublicLibraries for_preload=0: libandroid.so:libaaudio.so:libamidi.so:libbinder_ndk.so:libc.so:libcamera2ndk.so:libclang_rt.hwasan-aarch64-android.so:libdl.so:libEGL.so:libGLESv1_CM.so:libGLESv2.so:libGLESv3.so:libjnigraphics.so:liblog.so:libmediandk.so:libm.so:libnativewindow.so:libOpenMAXAL.so:libOpenSLES.so:libRS.so:libstdc++.so:libsync.so:libvulkan.so:libwebviewchromium_plat_support.so:libz.so
03-24 14:00:32.794 27861 27861 D nativeloader: Configuring clns-1 for other apk /system_ext/framework/androidx.window.extensions.jar. target_sdk_version=35, uses_libraries=ALL, library_path=/data/app/~~0uHkyfc40sZKV3pjGB8pdw==/deckers.thibault.aves.libre-1lXuDKar7anFrfb22HDHlw==/lib/arm64:/data/app/~~0uHkyfc40sZKV3pjGB8pdw==/deckers.thibault.aves.libre-1lXuDKar7anFrfb22HDHlw==/base.apk!/lib/arm64-v8a, permitted_path=/data:/mnt/expand:/data/user/0/deckers.thibault.aves.libre
03-24 14:00:32.795 27861 27861 D nativeloader: InitExtendedPublicLibraries:
03-24 14:00:32.797 27861 27861 D nativeloader: InitVendorPublicLibraries: libOpenCL.so:libOpenCL-pixel.so:libedgetpu_client.google.so:libedgetpu_util.so:lib_aion_buffer.so:libgxp.so:gxp_metrics_logger.so
03-24 14:00:32.797 27861 27861 D nativeloader: InitProductPublicLibraries:
03-24 14:00:32.800 27861 27861 D nativeloader: Configuring clns-2 for other apk /system_ext/framework/androidx.window.sidecar.jar. target_sdk_version=35, uses_libraries=ALL, library_path=/data/app/~~0uHkyfc40sZKV3pjGB8pdw==/deckers.thibault.aves.libre-1lXuDKar7anFrfb22HDHlw==/lib/arm64:/data/app/~~0uHkyfc40sZKV3pjGB8pdw==/deckers.thibault.aves.libre-1lXuDKar7anFrfb22HDHlw==/base.apk!/lib/arm64-v8a, permitted_path=/data:/mnt/expand:/data/user/0/deckers.thibault.aves.libre
03-24 14:00:32.813 27861 27861 D nativeloader: Configuring clns-3 for other apk /data/app/~~0uHkyfc40sZKV3pjGB8pdw==/deckers.thibault.aves.libre-1lXuDKar7anFrfb22HDHlw==/base.apk. target_sdk_version=35, uses_libraries=, library_path=/data/app/~~0uHkyfc40sZKV3pjGB8pdw==/deckers.thibault.aves.libre-1lXuDKar7anFrfb22HDHlw==/lib/arm64:/data/app/~~0uHkyfc40sZKV3pjGB8pdw==/deckers.thibault.aves.libre-1lXuDKar7anFrfb22HDHlw==/base.apk!/lib/arm64-v8a, permitted_path=/data:/mnt/expand:/data/user/0/deckers.thibault.aves.libre
03-24 14:00:32.814 27861 27861 D CompatChangeReporter: Compat change id reported: 202956589; UID 10291; state: ENABLED
03-24 14:00:32.820 27861 27861 D nativeloader: Load libframework-connectivity-jni.so using APEX ns com_android_tethering for caller /apex/com.android.tethering/javalib/framework-connectivity.jar: ok
03-24 14:00:32.823 27861 27861 V GraphicsEnvironment: Currently set values for:
03-24 14:00:32.823 27861 27861 V GraphicsEnvironment: angle_gl_driver_selection_pkgs=[com.android.angle, com.linecorp.b612.android, com.campmobile.snow, com.google.android.apps.tachyon]
03-24 14:00:32.823 27861 27861 V GraphicsEnvironment: angle_gl_driver_selection_values=[angle, native, native, native]
03-24 14:00:32.823 27861 27861 V GraphicsEnvironment: deckers.thibault.aves.libre is not listed in per-application setting
03-24 14:00:32.823 27861 27861 V GraphicsEnvironment: Neither updatable production driver nor prerelease driver is supported.
03-24 14:00:32.828 27861 27861 D WM-WrkMgrInitializer: Initializing WorkManager with default configuration.
03-24 14:00:32.833 27861 27861 W libc : Access denied finding property "ro.debuggable"
03-24 14:00:32.828 27861 27861 W ault.aves.libre: type=1400 audit(0.0:81919): avc: denied { read } for name="u:object_r:userdebug_or_eng_prop:s0" dev="tmpfs" ino=879 scontext=u:r:untrusted_app:s0:c35,c257,c512,c768 tcontext=u:object_r:userdebug_or_eng_prop:s0 tclass=file permissive=0 app=deckers.thibault.aves.libre
03-24 14:00:32.836 27861 27861 D WM-PackageManagerHelper: Skipping component enablement for androidx.work.impl.background.systemjob.SystemJobService
03-24 14:00:32.836 27861 27861 D WM-Schedulers: Created SystemJobScheduler and enabled SystemJobService
03-24 14:00:32.838 27861 27882 D WM-ForceStopRunnable: The default process name was not specified.
03-24 14:00:32.839 27861 27882 D WM-ForceStopRunnable: Performing cleanup operations.
03-24 14:00:32.840 27861 27861 D CompatChangeReporter: Compat change id reported: 279646685; UID 10291; state: ENABLED
03-24 14:00:32.857 27861 27861 I d.t.a.MainActivity: onCreate intent=Intent { act=android.intent.action.MAIN cat=[android.intent.category.LAUNCHER] flg=0x10200000 pkg=deckers.thibault.aves.libre cmp=deckers.thibault.aves.libre/deckers.thibault.aves.MainActivity bnds=[306,2150][582,2642] }
03-24 14:00:32.863 27861 27861 D CompatChangeReporter: Compat change id reported: 309578419; UID 10291; state: ENABLED
03-24 14:00:32.865 27861 27861 D DesktopModeFlagsUtil: Toggle override initialized to: OVERRIDE_UNSET
03-24 14:00:32.868 27861 27882 D WM-ForceStopRunnable: Application was force-stopped, rescheduling.
03-24 14:00:32.870 27861 27861 I d.t.a.MainActivity: onStart
03-24 14:00:32.877 27861 27893 D WM-PackageManagerHelper: Skipping component enablement for androidx.work.impl.background.systemalarm.RescheduleReceiver
03-24 14:00:32.883 27861 27891 D nativeloader: Load /data/app/~~0uHkyfc40sZKV3pjGB8pdw==/deckers.thibault.aves.libre-1lXuDKar7anFrfb22HDHlw==/lib/arm64/libflutter.so using class loader ns clns-3 (caller=/data/app/~~0uHkyfc40sZKV3pjGB8pdw==/deckers.thibault.aves.libre-1lXuDKar7anFrfb22HDHlw==/base.apk): ok
03-24 14:00:32.892 27861 27861 W ault.aves.libre: type=1400 audit(0.0:81920): avc: denied { read } for name="max_map_count" dev="proc" ino=3403711 scontext=u:r:untrusted_app:s0:c35,c257,c512,c768 tcontext=u:object_r:proc_max_map_count:s0 tclass=file permissive=0 app=deckers.thibault.aves.libre
03-24 14:00:33.099 27861 27861 D nativeloader: Load /data/app/~~0uHkyfc40sZKV3pjGB8pdw==/deckers.thibault.aves.libre-1lXuDKar7anFrfb22HDHlw==/lib/arm64/libmpv.so using class loader ns clns-3 (caller=/data/app/~~0uHkyfc40sZKV3pjGB8pdw==/deckers.thibault.aves.libre-1lXuDKar7anFrfb22HDHlw==/base.apk): ok
03-24 14:00:33.099 27861 27861 I media_kit: package:media_kit_libs_android_video attached.
03-24 14:00:33.101 27861 27861 D nativeloader: Load /data/app/~~0uHkyfc40sZKV3pjGB8pdw==/deckers.thibault.aves.libre-1lXuDKar7anFrfb22HDHlw==/lib/arm64/libmediakitandroidhelper.so using class loader ns clns-3 (caller=/data/app/~~0uHkyfc40sZKV3pjGB8pdw==/deckers.thibault.aves.libre-1lXuDKar7anFrfb22HDHlw==/base.apk): ok
03-24 14:00:33.101 27861 27861 D media_kit: google
03-24 14:00:33.101 27861 27861 D media_kit: cheetah
03-24 14:00:33.101 27861 27861 D media_kit: google/cheetah/cheetah:15/BP1A.250305.019/2025032100:user/release-keys
03-24 14:00:33.101 27861 27861 D media_kit: cheetah
03-24 14:00:33.101 27861 27861 D media_kit: Pixel 7 Pro
03-24 14:00:33.101 27861 27861 D media_kit: Google
03-24 14:00:33.101 27861 27861 D media_kit: cheetah
03-24 14:00:33.102 27861 27861 I media_kit: Saved application context.
03-24 14:00:33.130 27861 27861 I S.L : start listening to Media Store
03-24 14:00:33.133 27861 27861 I S.O : start listening to system settings
03-24 14:00:33.136 27861 27861 D CompatChangeReporter: Compat change id reported: 352594277; UID 10291; state: ENABLED
03-24 14:00:33.138 27861 27906 I d.t.a.MainActivity: set shortcuts: videos, search, map
03-24 14:00:33.151 27861 27861 D CompatChangeReporter: Compat change id reported: 349153669; UID 10291; state: ENABLED
03-24 14:00:33.166 27861 27861 W ActivityThread: Activity top position already set to onTop=false
03-24 14:00:33.168 27861 27861 I flutter : start listening to app lifecycle
03-24 14:00:33.175 27861 27861 D CompatChangeReporter: Compat change id reported: 306666082; UID 10291; state: ENABLED
03-24 14:00:33.175 27861 27861 I WindowExtensionsImpl: Initializing Window Extensions, vendor API level=8, activity embedding enabled=true
03-24 14:00:33.203 27861 27861 I flutter : dynamic_color: Core palette detected.
03-24 14:00:33.206 27861 27861 I flutter : Analysis completed
03-24 14:00:33.206 27861 27895 E cutils-trace: Error opening trace file: No such file or directory (2)
03-24 14:00:33.207 27861 27861 E flutter : [ERROR:flutter/runtime/dart_vm_initializer.cc(40)] Unhandled Exception: LateInitializationError: Field '_db@720087121' has not been initialized.
03-24 14:00:33.207 27861 27861 E flutter : #0 SqfliteLocalMediaDb.loadCatalogMetadata (package:aves/model/db/db_sqflite.dart)
03-24 14:00:33.207 27861 27861 E flutter : #1 TagMixin.loadCatalogMetadata (package:aves/model/source/tag.dart:20)
03-24 14:00:33.207 27861 27861 E flutter : #2 _AvesAppState._onAnalysisCompletion (package:aves/widgets/aves_app.dart:695)
03-24 14:00:33.207 27861 27861 E flutter : #3 _AvesAppState.initState. (package:aves/widgets/aves_app.dart:201)
03-24 14:00:33.207 27861 27861 E flutter : #4 _RootZone.runUnaryGuarded (dart:async/zone.dart:1778)
03-24 14:00:33.207 27861 27861 E flutter : #5 _BufferingStreamSubscription._sendData (dart:async/stream_impl.dart:381)
03-24 14:00:33.207 27861 27861 E flutter : #6 _DelayedData.perform (dart:async/stream_impl.dart:573)
03-24 14:00:33.207 27861 27861 E flutter : #7 _PendingEvents.handleNext (dart:async/stream_impl.dart:678)
03-24 14:00:33.207 27861 27861 E flutter : #8 _PendingEvents.schedule. (dart:async/stream_impl.dart:649)
03-24 14:00:33.207 27861 27861 E flutter : #9 _microtaskLoop (dart:async/schedule_microtask.dart:40)
03-24 14:00:33.207 27861 27861 E flutter : #10 _startMicrotaskLoop (dart:async/schedule_microtask.dart:49)
03-24 14:00:33.207 27861 27861 E flutter :
03-24 14:00:33.225 27861 27861 D WindowLayoutComponentImpl: Register WindowLayoutInfoListener on Context=deckers.thibault.aves.MainActivity@5f1dbd9, of which baseContext=android.app.ContextImpl@97f3068
03-24 14:00:33.235 27861 27861 D InsetsController: hide(ime(), fromIme=false)
03-24 14:00:33.235 27861 27861 I ImeTracker: deckers.thibault.aves.libre:4f86d6d0: onCancelled at PHASE_CLIENT_ALREADY_HIDDEN
03-24 14:00:33.244 27861 27861 I flutter : Report set keys build_mode=release, has_mobile_services=false, is_television=false, locales=en_GB, time_zone=CET (1:00:00.000000)
03-24 14:00:33.244 27861 27861 I flutter : App setup in 76ms
03-24 14:00:33.244 27861 27861 I flutter : Report log with message=Launch
03-24 14:00:33.261 27861 27861 I flutter : Apply display refresh rate: auto
03-24 14:00:33.266 27861 27861 D permissions_handler: No permissions found in manifest for: []15
03-24 14:00:33.279 27861 27861 I flutter : Device is connected=true
03-24 14:00:33.279 27861 27861 I flutter : Device is locked=false
03-24 14:00:33.286 27861 27906 D CompatChangeReporter: Compat change id reported: 312399441; UID 10291; state: ENABLED
03-24 14:00:33.288 27861 27861 I flutter : Access installed app inventory
03-24 14:00:33.288 27861 27861 I flutter : App mode set to AppMode.main
03-24 14:00:33.288 27861 27861 I flutter : Report set key app_mode=AppMode.main
03-24 14:00:33.288 27861 27861 I flutter : Report log with message=Initialize source to start app with mode=AppMode.main, loaded scope=null
03-24 14:00:33.288 27861 27861 I flutter : Report log with message=MediaStoreSource init target scope={}
03-24 14:00:33.309 27861 27861 I flutter : MediaStoreSource load essentials complete in 20ms
03-24 14:00:33.313 27861 27861 I flutter : Report log with message=MediaStoreSource load (known) start
03-24 14:00:33.313 27861 27861 I flutter : MediaStoreSource load 0:00:00.000060 load 36 top entries
03-24 14:00:33.313 27861 27861 I flutter : Home setup complete in 67ms
03-24 14:00:33.313 27861 27861 I flutter : Report log with message=Nav push to /collection
03-24 14:00:33.313 27861 27861 I flutter : Report log with message=Nav remove to unnamed null
03-24 14:00:33.315 27861 27861 I flutter : MediaStoreSource load 0:00:00.002205 fetch known entries
03-24 14:00:33.368 27861 27861 W WindowOnBackDispatcher: OnBackInvokedCallback is not enabled for the application.
03-24 14:00:33.368 27861 27861 W WindowOnBackDispatcher: Set 'android:enableOnBackInvokedCallback="true"' in the application manifest.
03-24 14:00:33.370 27861 27861 I flutter : MediaStoreSource load 0:00:00.056851 check obsolete entries
03-24 14:00:33.379 27861 27907 W HWUI : Image decoding logging dropped!
03-24 14:00:33.381 27861 27861 W WindowOnBackDispatcher: OnBackInvokedCallback is not enabled for the application.
03-24 14:00:33.381 27861 27861 W WindowOnBackDispatcher: Set 'android:enableOnBackInvokedCallback="true"' in the application manifest.
03-24 14:00:33.384 27861 27924 W HWUI : Image decoding logging dropped!
03-24 14:00:33.387 27861 27921 W HWUI : Image decoding logging dropped!
03-24 14:00:33.396 27861 27924 W HWUI : Image decoding logging dropped!
03-24 14:00:33.400 27861 27922 W HWUI : Image decoding logging dropped!
03-24 14:00:33.404 27861 27921 W HWUI : Image decoding logging dropped!
03-24 14:00:33.413 27861 27924 W HWUI : Image decoding logging dropped!
03-24 14:00:33.416 27861 27922 W HWUI : Image decoding logging dropped!
03-24 14:00:33.429 27861 27924 W HWUI : Image decoding logging dropped!
03-24 14:00:33.438 27861 27861 I flutter : MediaStoreSource load 0:00:00.124460 add known entries
03-24 14:00:33.444 27861 27922 W HWUI : Image decoding logging dropped!
03-24 14:00:33.445 27861 27921 W HWUI : Image decoding logging dropped!
03-24 14:00:33.448 27861 27928 W HWUI : Image decoding logging dropped!
03-24 14:00:33.499 27861 27861 I flutter : MediaStoreSource load 0:00:00.185897 load metadata
03-24 14:00:33.528 27861 27921 W HWUI : Image decoding logging dropped!
03-24 14:00:33.529 27861 27861 I flutter : Evict cached images for uri=content://media/external/images/media/1000008203, mimeType=image/png, dateModifiedMillis=1718121804649, rotationDegrees=0, isFlipped=false, isAnimated=false
03-24 14:00:33.529 27861 27861 I flutter : Evict cached images for uri=content://media/external/images/media/1000008200, mimeType=image/png, dateModifiedMillis=1718121783241, rotationDegrees=0, isFlipped=false, isAnimated=false
03-24 14:00:33.529 27861 27861 I flutter : Evict cached images for uri=content://media/external/images/media/1000008196, mimeType=image/png, dateModifiedMillis=1718121646973, rotationDegrees=0, isFlipped=false, isAnimated=false
03-24 14:00:33.529 27861 27861 I flutter : Evict cached images for uri=content://media/external/images/media/1000008189, mimeType=image/png, dateModifiedMillis=1718121385028, rotationDegrees=0, isFlipped=false, isAnimated=false
03-24 14:00:33.529 27861 27861 I flutter : Evict cached images for uri=content://media/external/images/media/1000008174, mimeType=image/png, dateModifiedMillis=1718119691657, rotationDegrees=0, isFlipped=false, isAnimated=false
03-24 14:00:33.529 27861 27861 I flutter : Evict cached images for uri=content://media/external/images/media/1000008171, mimeType=image/png, dateModifiedMillis=1718119641281, rotationDegrees=0, isFlipped=false, isAnimated=false
03-24 14:00:33.529 27861 27861 I flutter : Evict cached images for uri=content://media/external/images/media/1000000203, mimeType=image/jpeg, dateModifiedMillis=1700589115816, rotationDegrees=0, isFlipped=false, isAnimated=false
03-24 14:00:33.535 27861 27919 W HWUI : Image decoding logging dropped!
03-24 14:00:33.537 27861 27924 W HWUI : Image decoding logging dropped!
03-24 14:00:33.541 27861 27922 W HWUI : Image decoding logging dropped!
03-24 14:00:33.546 27861 27861 I flutter : Report log with message=MediaStoreSource load (known) done in 0s for 1410 known, 0 removed
03-24 14:00:33.546 27861 27861 I flutter : Report log with message=MediaStoreSource load (new) start
03-24 14:00:33.546 27861 27861 I flutter : MediaStoreSource load 0:00:00.000000 recover untracked entries
03-24 14:00:33.555 27861 27861 I flutter : MediaStoreSource load 0:00:00.009408 check obsolete paths
03-24 14:00:33.559 27861 27922 W HWUI : Image decoding logging dropped!
03-24 14:00:33.565 27861 27919 W HWUI : Image decoding logging dropped!
03-24 14:00:33.566 27861 27921 W HWUI : Image decoding logging dropped!
03-24 14:00:33.572 27861 27926 W HWUI : Image decoding logging dropped!
03-24 14:00:33.590 27861 27921 W HWUI : Image decoding logging dropped!
03-24 14:00:33.592 27861 27922 W HWUI : Image decoding logging dropped!
03-24 14:00:33.595 27861 27926 W HWUI : Image decoding logging dropped!
03-24 14:00:33.597 27861 27919 W HWUI : Image decoding logging dropped!
03-24 14:00:33.601 27861 27861 I flutter : MediaStoreSource load 0:00:00.055119 fetch new entries
03-24 14:00:33.605 27861 27921 W HWUI : Image decoding logging dropped!
03-24 14:00:33.606 27861 27921 D Z.z : fetching all media store items for 1408 known entries, directory=null
03-24 14:00:33.618 27861 27924 W HWUI : Image decoding logging dropped!
03-24 14:00:33.620 27861 27922 W HWUI : Image decoding logging dropped!
03-24 14:00:33.620 27861 27926 W HWUI : Image decoding logging dropped!
03-24 14:00:33.629 27861 27919 W HWUI : Image decoding logging dropped!
03-24 14:00:33.638 27861 27926 W HWUI : Image decoding logging dropped!
03-24 14:00:33.640 27861 27924 W HWUI : Image decoding logging dropped!
03-24 14:00:33.647 27861 27922 W HWUI : Image decoding logging dropped!
03-24 14:00:33.649 27861 27919 W HWUI : Image decoding logging dropped!
03-24 14:00:33.655 27861 27926 W HWUI : Image decoding logging dropped!
03-24 14:00:33.658 27861 27928 W HWUI : Image decoding logging dropped!
03-24 14:00:33.660 27861 27861 I flutter : MediaStoreSource load 0:00:00.113584 analyze
03-24 14:00:33.672 27861 27928 W HWUI : Image decoding logging dropped!
03-24 14:00:33.682 27861 27928 W HWUI : Image decoding logging dropped!
03-24 14:00:33.690 27861 27928 W HWUI : Image decoding logging dropped!
03-24 14:00:33.698 27861 27861 I deckers.thibault.aves.libre: Explicit concurrent mark compact GC freed 2205KB AllocSpace bytes, 62(12MB) LOS objects, 79% free, 6176KB/30MB, paused 2.744ms,958us total 32.513ms
03-24 14:00:33.712 27861 27928 W HWUI : Image decoding logging dropped!
03-24 14:00:33.763 27861 27861 I flutter : Report log with message=MediaStoreSource load (new) done in 0s for 0 new entries
03-24 14:00:33.767 27861 27928 W HWUI : Image decoding logging dropped!
03-24 14:00:34.179 27861 27861 I flutter : Report log with message=Nav push to /viewer
03-24 14:00:34.694 27861 27928 W HWUI : Image decoding logging dropped!
03-24 14:00:34.864 27861 27928 W HWUI : Image decoding logging dropped!
03-24 14:00:35.033 27861 27928 W HWUI : Image decoding logging dropped!
03-24 14:00:35.141 27861 27926 W HWUI : Image decoding logging dropped!
03-24 14:00:35.265 27861 27928 W HWUI : Image decoding logging dropped!
03-24 14:00:35.612 27861 27928 W HWUI : Image decoding logging dropped!
03-24 14:00:35.672 27861 27928 W HWUI : Image decoding logging dropped!
03-24 14:00:35.720 27861 27928 W HWUI : Image decoding logging dropped!
03-24 14:00:35.753 27861 27928 W HWUI : Image decoding logging dropped!
03-24 14:00:35.775 27861 27928 W HWUI : Image decoding logging dropped!
03-24 14:00:35.811 27861 27928 W HWUI : Image decoding logging dropped!
03-24 14:00:35.816 27861 27928 W HWUI : Image decoding logging dropped!
03-24 14:00:35.822 27861 27928 W HWUI : Image decoding logging dropped!
03-24 14:00:35.828 27861 27928 W HWUI : Image decoding logging dropped!
03-24 14:00:35.837 27861 27928 W HWUI : Image decoding logging dropped!
03-24 14:00:35.844 27861 27928 W HWUI : Image decoding logging dropped!
03-24 14:00:35.849 27861 27928 W HWUI : Image decoding logging dropped!
03-24 14:00:35.863 27861 27928 W HWUI : Image decoding logging dropped!
03-24 14:00:35.873 27861 27928 W HWUI : Image decoding logging dropped!
03-24 14:00:35.880 27861 27928 W HWUI : Image decoding logging dropped!
03-24 14:00:35.915 27861 27928 W HWUI : Image decoding logging dropped!
03-24 14:00:35.929 27861 27928 W HWUI : Image decoding logging dropped!
03-24 14:00:35.957 27861 27928 W HWUI : Image decoding logging dropped!
03-24 14:00:35.975 27861 27928 W HWUI : Image decoding logging dropped!
03-24 14:00:35.980 27861 27928 W HWUI : Image decoding logging dropped!
03-24 14:00:35.993 27861 27928 W HWUI : Image decoding logging dropped!
03-24 14:00:36.035 27861 27928 W HWUI : Image decoding logging dropped!
03-24 14:00:36.098 27861 27928 W HWUI : Image decoding logging dropped!
03-24 14:00:36.121 27861 27928 W HWUI : Image decoding logging dropped!
03-24 14:00:36.133 27861 27928 W HWUI : Image decoding logging dropped!
03-24 14:00:36.956 27861 27926 W HWUI : Image decoding logging dropped!
03-24 14:00:38.459 27861 27970 D ProfileInstaller: Installing profile for deckers.thibault.aves.libre
03-24 14:00:38.831 27861 27926 W HWUI : Image decoding logging dropped!
03-24 14:00:40.694 27861 27926 W HWUI : Image decoding logging dropped!
03-24 14:00:41.117 27861 27861 I flutter : Report log with message=Nav pop to /collection
03-24 14:00:41.132 27861 27861 W WindowOnBackDispatcher: OnBackInvokedCallback is not enabled for the application.
03-24 14:00:41.132 27861 27861 W WindowOnBackDispatcher: Set 'android:enableOnBackInvokedCallback="true"' in the application manifest.
03-24 14:00:41.433 27861 27861 I flutter : Cancelling picture-in-picture
03-24 14:00:44.385 27861 27861 I flutter : Report log with message=Nav push to /about
03-24 14:00:46.123 28019 28019 W libc : Access denied finding property "ro.debuggable"
03-24 14:00:46.120 28019 28019 W logcat : type=1400 audit(0.0:82186): avc: denied { read } for name="u:object_r:userdebug_or_eng_prop:s0" dev="tmpfs" ino=879 scontext=u:r:untrusted_app:s0:c35,c257,c512,c768 tcontext=u:object_r:userdebug_or_eng_prop:s0 tclass=file permissive=0 app=deckers.thibault.aves.libre